CRAN Package Check Results for Package markets

Last updated on 2022-10-05 21:53:38 CEST.

Flavor Version Tinstall Tcheck Ttotal Status Flags
r-devel-linux-x86_64-debian-clang 1.1.2 79.36 286.38 365.74 OK
r-devel-linux-x86_64-debian-gcc 1.1.2 64.03 202.20 266.23 OK
r-devel-linux-x86_64-fedora-clang 1.1.2 460.91 OK
r-devel-linux-x86_64-fedora-gcc 1.1.2 444.67 OK
r-devel-windows-x86_64 1.1.2 131.00 399.00 530.00 OK
r-patched-linux-x86_64 1.1.2 79.35 271.02 350.37 OK
r-release-linux-x86_64 1.1.2 77.77 270.53 348.30 OK
r-release-macos-arm64 1.1.2 118.00 NOTE
r-release-macos-x86_64 1.1.2 157.00 NOTE
r-release-windows-x86_64 1.1.2 152.00 396.00 548.00 OK
r-oldrel-macos-arm64 1.1.2 119.00 NOTE
r-oldrel-macos-x86_64 1.1.2 160.00 NOTE
r-oldrel-windows-ix86+x86_64 1.1.2 138.00 443.00 581.00 OK

Check Details

Version: 1.1.2
Check: installed package size
Result: NOTE
     installed size is 5.5Mb
     sub-directories of 1Mb or more:
     libs 3.3Mb
Flavors: r-release-macos-arm64, r-release-macos-x86_64, r-oldrel-macos-arm64, r-oldrel-macos-x86_64