CRAN Package Check Results for Package marked

Last updated on 2021-09-16 22:55:35 CEST.

Flavor Version Tinstall Tcheck Ttotal Status Flags
r-devel-linux-x86_64-debian-clang 1.2.6 35.52 210.95 246.47 OK
r-devel-linux-x86_64-debian-gcc 1.2.6 26.94 158.27 185.21 OK
r-devel-linux-x86_64-fedora-clang 1.2.6 303.06 NOTE
r-devel-linux-x86_64-fedora-gcc 1.2.6 285.66 NOTE
r-devel-windows-x86_64 1.2.6 38.00 262.00 300.00 OK
r-devel-windows-x86_64-gcc10-UCRT 1.2.6 NOTE
r-patched-linux-x86_64 1.2.6 30.55 198.26 228.81 OK
r-patched-solaris-x86 1.2.6 423.60 NOTE
r-release-linux-x86_64 1.2.6 31.44 200.05 231.49 OK
r-release-macos-arm64 1.2.6 NOTE
r-release-macos-x86_64 1.2.6 NOTE
r-release-windows-ix86+x86_64 1.2.6 80.00 217.00 297.00 OK
r-oldrel-macos-x86_64 1.2.6 NOTE
r-oldrel-windows-ix86+x86_64 1.2.6 60.00 282.00 342.00 OK

Check Details

Version: 1.2.6
Check: dependencies in R code
Result: NOTE
    Namespaces in Imports field not imported from:
     ‘bookdown’ ‘kableExtra’ ‘knitr’
     All declared Imports should be used.
Flavors: r-devel-linux-x86_64-fedora-clang, r-devel-linux-x86_64-fedora-gcc, r-devel-windows-x86_64-gcc10-UCRT, r-patched-solaris-x86, r-release-macos-arm64, r-release-macos-x86_64, r-oldrel-macos-x86_64