CRAN Package Check Results for Package mapview

Last updated on 2021-06-22 07:49:33 CEST.

Flavor Version Tinstall Tcheck Ttotal Status Flags
r-devel-linux-x86_64-debian-clang 2.10.0 19.72 167.74 187.46 OK
r-devel-linux-x86_64-debian-gcc 2.10.0 14.38 125.36 139.74 OK
r-devel-linux-x86_64-fedora-clang 2.10.0 229.88 OK
r-devel-linux-x86_64-fedora-gcc 2.10.0 220.91 OK
r-devel-windows-x86_64 2.10.0 30.00 137.00 167.00 OK
r-devel-windows-x86_64-gcc10-UCRT 2.10.0 NOTE
r-patched-linux-x86_64 2.10.0 23.19 159.12 182.31 OK
r-patched-solaris-x86 2.10.0 305.70 OK
r-release-linux-x86_64 2.10.0 14.34 160.03 174.37 OK
r-release-macos-arm64 2.10.0 OK
r-release-macos-x86_64 2.10.0 OK
r-release-windows-ix86+x86_64 2.10.0 42.00 195.00 237.00 OK
r-oldrel-macos-x86_64 2.10.0 OK

Check Details

Version: 2.10.0
Check: package dependencies
Result: NOTE
    Package suggested but not available for checking: 'covr'
Flavor: r-devel-windows-x86_64-gcc10-UCRT