CRAN Package Check Results for Package mapscanner

Last updated on 2022-09-30 21:49:01 CEST.

Flavor Version Tinstall Tcheck Ttotal Status Flags
r-devel-linux-x86_64-debian-clang 0.0.6 46.49 79.92 126.41 OK
r-devel-linux-x86_64-debian-gcc 0.0.6 36.12 59.67 95.79 OK
r-devel-linux-x86_64-fedora-clang 0.0.6 194.77 OK
r-devel-linux-x86_64-fedora-gcc 0.0.6 169.61 OK
r-devel-windows-x86_64 0.0.6 56.00 129.00 185.00 OK
r-patched-linux-x86_64 0.0.6 36.41 76.36 112.77 OK
r-release-linux-x86_64 0.0.6 41.39 73.92 115.31 OK
r-release-macos-arm64 0.0.6 42.00 NOTE
r-release-macos-x86_64 0.0.6 62.00 NOTE
r-release-windows-x86_64 0.0.6 56.00 134.00 190.00 OK
r-oldrel-macos-arm64 0.0.6 61.00 NOTE
r-oldrel-macos-x86_64 0.0.6 62.00 NOTE
r-oldrel-windows-ix86+x86_64 0.0.6 121.00 157.00 278.00 NOTE

Check Details

Version: 0.0.6
Check: installed package size
Result: NOTE
     installed size is 5.5Mb
     sub-directories of 1Mb or more:
     doc 2.8Mb
     libs 2.0Mb
Flavors: r-release-macos-arm64, r-release-macos-x86_64, r-oldrel-macos-arm64, r-oldrel-macos-x86_64, r-oldrel-windows-ix86+x86_64