CRAN Package Check Results for Package mapsapi

Last updated on 2021-07-23 19:50:07 CEST.

Flavor Version Tinstall Tcheck Ttotal Status Flags
r-devel-linux-x86_64-debian-clang 0.4.9 5.27 85.98 91.25 OK
r-devel-linux-x86_64-debian-gcc 0.4.9 4.52 64.72 69.24 OK
r-devel-linux-x86_64-fedora-clang 0.4.9 125.03 NOTE
r-devel-linux-x86_64-fedora-gcc 0.4.9 107.40 NOTE
r-devel-windows-x86_64 0.4.9 9.00 84.00 93.00 OK
r-devel-windows-x86_64-gcc10-UCRT 0.4.9 NOTE
r-patched-linux-x86_64 0.4.9 6.61 80.65 87.26 OK
r-patched-solaris-x86 0.4.9 122.70 WARN
r-release-linux-x86_64 0.4.9 5.74 81.27 87.01 OK
r-release-macos-arm64 0.4.9 WARN
r-release-macos-x86_64 0.4.9 WARN
r-release-windows-ix86+x86_64 0.4.9 18.00 80.00 98.00 OK
r-oldrel-macos-x86_64 0.4.9 WARN
r-oldrel-windows-ix86+x86_64 0.4.9 17.00 118.00 135.00 OK

Check Details

Version: 0.4.9
Check: data for non-ASCII characters
Result: NOTE
     Note: found 55 marked UTF-8 strings
Flavors: r-devel-linux-x86_64-fedora-clang, r-devel-linux-x86_64-fedora-gcc, r-devel-windows-x86_64-gcc10-UCRT, r-patched-solaris-x86, r-release-macos-arm64, r-release-macos-x86_64, r-oldrel-macos-x86_64

Version: 0.4.9
Check: re-building of vignette outputs
Result: WARN
    Error(s) in re-building vignettes:
     ...
    --- re-building ‘intro.Rmd’ using rmarkdown
    Warning in engine$weave(file, quiet = quiet, encoding = enc) :
     Pandoc (>= 1.12.3) not available. Falling back to R Markdown v1.
    Quitting from lines 114-119 (intro.Rmd)
    Error: processing vignette 'intro.Rmd' failed with diagnostics:
    there is no package called 'webshot'
    --- failed re-building ‘intro.Rmd’
    
    SUMMARY: processing the following file failed:
     ‘intro.Rmd’
    
    Error: Vignette re-building failed.
    Execution halted
Flavor: r-patched-solaris-x86

Version: 0.4.9
Check: re-building of vignette outputs
Result: WARN
    Error(s) in re-building vignettes:
     ...
    --- re-building ‘intro.Rmd’ using rmarkdown
    Warning in engine$weave(file, quiet = quiet, encoding = enc) :
     Pandoc (>= 1.12.3) not available. Falling back to R Markdown v1.
    Quitting from lines 114-119 (intro.Rmd)
    Error: processing vignette 'intro.Rmd' failed with diagnostics:
    invalid 'path' argument
    --- failed re-building ‘intro.Rmd’
    
    SUMMARY: processing the following file failed:
     ‘intro.Rmd’
    
    Error: Vignette re-building failed.
    Execution halted
Flavors: r-release-macos-arm64, r-release-macos-x86_64, r-oldrel-macos-x86_64