CRAN Package Check Results for Package mapsFinland

Last updated on 2021-08-01 07:51:53 CEST.

Flavor Version Tinstall Tcheck Ttotal Status Flags
r-devel-linux-x86_64-debian-clang 0.1.1 3.75 22.11 25.86 OK
r-devel-linux-x86_64-debian-gcc 0.1.1 3.33 17.86 21.19 OK
r-devel-linux-x86_64-fedora-clang 0.1.1 41.11 NOTE
r-devel-linux-x86_64-fedora-gcc 0.1.1 31.14 NOTE
r-devel-windows-x86_64 0.1.1 6.00 37.00 43.00 OK
r-devel-windows-x86_64-gcc10-UCRT 0.1.1 WARN
r-patched-linux-x86_64 0.1.1 OK
r-patched-solaris-x86 0.1.1 48.70 NOTE
r-release-linux-x86_64 0.1.1 3.72 21.81 25.53 OK
r-release-macos-arm64 0.1.1 NOTE
r-release-macos-x86_64 0.1.1 NOTE
r-release-windows-ix86+x86_64 0.1.1 8.00 38.00 46.00 OK
r-oldrel-macos-x86_64 0.1.1 NOTE
r-oldrel-windows-ix86+x86_64 0.1.1 6.00 37.00 43.00 OK

Check Details

Version: 0.1.1
Check: data for non-ASCII characters
Result: NOTE
     Note: found 996 marked UTF-8 strings
Flavors: r-devel-linux-x86_64-fedora-clang, r-devel-linux-x86_64-fedora-gcc, r-patched-solaris-x86, r-release-macos-arm64, r-release-macos-x86_64, r-oldrel-macos-x86_64

Version: 0.1.1
Check: data for non-ASCII characters
Result: WARN
     Note: found 980 marked UTF-8 strings
     Warning: found non-ASCII strings
     'Etel<c3><a4>-Karjalan SHP' in object 'SHP2019'
     'Etel<c3><a4>-Pohjanmaan SHP' in object 'SHP2019'
     'Etel<c3><a4>-Savon SHP' in object 'SHP2019'
     'It<c3><a4>-Savon SHP' in object 'SHP2019'
     'Kanta-H<c3><a4>meen SHP' in object 'SHP2019'
     'L<c3><a4>nsi-Pohjan SHP' in object 'SHP2019'
     'P<c3><a4>ij<c3><a4>t-H<c3><a4>meen SHP' in object 'SHP2019'
     'H<c3><a4>meen vaalipiiri' in object 'vaalipiiri2019'
Flavor: r-devel-windows-x86_64-gcc10-UCRT