CRAN Package Check Results for Package mapping

Last updated on 2021-06-24 01:50:25 CEST.

Flavor Version Tinstall Tcheck Ttotal Status Flags
r-devel-linux-x86_64-debian-clang 1.2 24.64 212.08 236.72 ERROR
r-devel-linux-x86_64-debian-gcc 1.2 21.04 162.63 183.67 ERROR
r-devel-linux-x86_64-fedora-clang 1.2 286.24 ERROR
r-devel-linux-x86_64-fedora-gcc 1.2 279.48 ERROR
r-devel-windows-x86_64 1.2 40.00 217.00 257.00 ERROR
r-devel-windows-x86_64-gcc10-UCRT 1.2 ERROR
r-patched-linux-x86_64 1.2 30.46 207.67 238.13 ERROR
r-patched-solaris-x86 1.2 398.90 ERROR
r-release-linux-x86_64 1.2 22.68 207.35 230.03 ERROR
r-release-macos-arm64 1.2 WARN
r-release-macos-x86_64 1.2 WARN
r-release-windows-ix86+x86_64 1.2 46.00 214.00 260.00 ERROR
r-oldrel-macos-x86_64 1.2 WARN

Additional issues

M1mac

Check Details

Version: 1.2
Check: examples
Result: ERROR
    Running examples in 'mapping-Ex.R' failed
    The error most likely occurred in:
    
    > base::assign(".ptime", proc.time(), pos = "CheckExEnv")
    > ### Name: IT
    > ### Title: Object of class 'IT'
    > ### Aliases: IT
    >
    > ### ** Examples
    >
    >
    > data("popIT")
    >
    > it <- IT(data = popIT, unit = "provincia", year = "2019")
    trying URL 'https://raw.githubusercontent.com/dataallaround/geospatial/master/IT/GeoJSON/it_2019_provincia.geojson'
    Content type 'text/plain; charset=utf-8' length 3499395 bytes (3.3 MB)
    ==================================================
    downloaded 3.3 MB
    
    Error in s2_geography_from_wkb(x, oriented = oriented, check = check) :
     Evaluation error: Found 4 features with invalid spherical geometry.
    [87] Loop 0 is not valid: Edge 1 has duplicate vertex with edge 922
    [88] Loop 0 is not valid: Edge 0 has duplicate vertex with edge 1112
    [103] Loop 81 is not valid: Edge 1 has duplicate vertex with edge 16
    [107] Loop 0 is not valid: Edge 2424 has duplicate vertex with edge 2428.
    Calls: IT ... loadCoordIT -> suppressMessages -> withCallingHandlers
    Execution halted
Flavors: r-devel-linux-x86_64-debian-clang, r-devel-linux-x86_64-debian-gcc, r-patched-linux-x86_64, r-release-linux-x86_64

Version: 1.2
Check: re-building of vignette outputs
Result: WARN
    Error(s) in re-building vignettes:
     ...
    --- re-building 'a-journey-into-mapping.Rmd' using rmarkdown
    Package 'mapping' version 1.2
    Type 'citation("mapping")' for citing this R package in publications.
    trying URL 'https://raw.githubusercontent.com/dataallaround/geospatial/master/EU/nuts/GeoJSON/eu_2021_nuts0_20m.geojson'
    Content type 'text/plain; charset=utf-8' length 135449 bytes (132 KB)
    ==================================================
    downloaded 132 KB
    
    Warning in CPL_crs_from_input(x) :
     GDAL Message 1: +init=epsg:XXXX syntax is deprecated. It might return a CRS with a non-EPSG compliant axis order.
    trying URL 'https://raw.githubusercontent.com/dataallaround/geospatial/master/IT/GeoJSON/it_2018_provincia.geojson'
    Content type 'text/plain; charset=utf-8' length 3541074 bytes (3.4 MB)
    ==================================================
    downloaded 3.4 MB
    
    Quitting from lines 135-136 (a-journey-into-mapping.Rmd)
    Error: processing vignette 'a-journey-into-mapping.Rmd' failed with diagnostics:
    Evaluation error: Found 4 features with invalid spherical geometry.
    [74] Loop 0 is not valid: Edge 1 has duplicate vertex with edge 944
    [75] Loop 0 is not valid: Edge 0 has duplicate vertex with edge 1051
    [103] Loop 82 is not valid: Edge 1 has duplicate vertex with edge 16
    [107] Loop 0 is not valid: Edge 2512 has duplicate vertex with edge 2516.
    --- failed re-building 'a-journey-into-mapping.Rmd'
    
    SUMMARY: processing the following file failed:
     'a-journey-into-mapping.Rmd'
    
    Error: Vignette re-building failed.
    Execution halted
Flavors: r-devel-linux-x86_64-debian-clang, r-devel-linux-x86_64-debian-gcc, r-patched-linux-x86_64, r-release-linux-x86_64

Version: 1.2
Check: data for non-ASCII characters
Result: NOTE
     Note: found 10032 marked UTF-8 strings
Flavors: r-devel-linux-x86_64-fedora-clang, r-devel-linux-x86_64-fedora-gcc, r-patched-solaris-x86, r-release-macos-arm64, r-release-macos-x86_64, r-oldrel-macos-x86_64

Version: 1.2
Check: examples
Result: ERROR
    Running examples in ‘mapping-Ex.R’ failed
    The error most likely occurred in:
    
    > ### Name: IT
    > ### Title: Object of class 'IT'
    > ### Aliases: IT
    >
    > ### ** Examples
    >
    >
    > data("popIT")
    >
    > it <- IT(data = popIT, unit = "provincia", year = "2019")
    trying URL 'https://raw.githubusercontent.com/dataallaround/geospatial/master/IT/GeoJSON/it_2019_provincia.geojson'
    Content type 'text/plain; charset=utf-8' length 3499395 bytes (3.3 MB)
    ==================================================
    downloaded 3.3 MB
    
    Error in s2_geography_from_wkb(x, oriented = oriented, check = check) :
     Evaluation error: Found 4 features with invalid spherical geometry.
    [87] Loop 0 is not valid: Edge 1 has duplicate vertex with edge 922
    [88] Loop 0 is not valid: Edge 0 has duplicate vertex with edge 1112
    [103] Loop 81 is not valid: Edge 1 has duplicate vertex with edge 16
    [107] Loop 0 is not valid: Edge 2424 has duplicate vertex with edge 2428.
    Calls: IT ... loadCoordIT -> suppressMessages -> withCallingHandlers
    Execution halted
Flavors: r-devel-linux-x86_64-fedora-clang, r-devel-linux-x86_64-fedora-gcc, r-patched-solaris-x86, r-release-windows-ix86+x86_64

Version: 1.2
Check: re-building of vignette outputs
Result: WARN
    Error(s) in re-building vignettes:
    --- re-building ‘a-journey-into-mapping.Rmd’ using rmarkdown
    Package 'mapping' version 1.2
    Type 'citation("mapping")' for citing this R package in publications.
    trying URL 'https://raw.githubusercontent.com/dataallaround/geospatial/master/EU/nuts/GeoJSON/eu_2021_nuts0_20m.geojson'
    Content type 'text/plain; charset=utf-8' length 135449 bytes (132 KB)
    ==================================================
    downloaded 132 KB
    
    Warning in CPL_crs_from_input(x) :
     GDAL Message 1: +init=epsg:XXXX syntax is deprecated. It might return a CRS with a non-EPSG compliant axis order.
    trying URL 'https://raw.githubusercontent.com/dataallaround/geospatial/master/IT/GeoJSON/it_2018_provincia.geojson'
    Content type 'text/plain; charset=utf-8' length 3541074 bytes (3.4 MB)
    ==================================================
    downloaded 3.4 MB
    
    Quitting from lines 135-136 (a-journey-into-mapping.Rmd)
    Error: processing vignette 'a-journey-into-mapping.Rmd' failed with diagnostics:
    Evaluation error: Found 4 features with invalid spherical geometry.
    [74] Loop 0 is not valid: Edge 1 has duplicate vertex with edge 944
    [75] Loop 0 is not valid: Edge 0 has duplicate vertex with edge 1051
    [103] Loop 82 is not valid: Edge 1 has duplicate vertex with edge 16
    [107] Loop 0 is not valid: Edge 2512 has duplicate vertex with edge 2516.
    --- failed re-building ‘a-journey-into-mapping.Rmd’
    
    SUMMARY: processing the following file failed:
     ‘a-journey-into-mapping.Rmd’
    
    Error: Vignette re-building failed.
    Execution halted
Flavors: r-devel-linux-x86_64-fedora-clang, r-devel-linux-x86_64-fedora-gcc, r-release-windows-ix86+x86_64

Version: 1.2
Check: examples
Result: ERROR
    Running examples in 'mapping-Ex.R' failed
    The error most likely occurred in:
    
    > ### Name: IT
    > ### Title: Object of class 'IT'
    > ### Aliases: IT
    >
    > ### ** Examples
    >
    >
    > data("popIT")
    >
    > it <- IT(data = popIT, unit = "provincia", year = "2019")
    trying URL 'https://raw.githubusercontent.com/dataallaround/geospatial/master/IT/GeoJSON/it_2019_provincia.geojson'
     length 3499395 bytes (3.3 MB)
    ==================================================
    downloaded 3.3 MB
    
    Error in s2_geography_from_wkb(x, oriented = oriented, check = check) :
     Evaluation error: Found 4 features with invalid spherical geometry.
    [87] Loop 0 is not valid: Edge 1 has duplicate vertex with edge 922
    [88] Loop 0 is not valid: Edge 0 has duplicate vertex with edge 1112
    [103] Loop 81 is not valid: Edge 1 has duplicate vertex with edge 16
    [107] Loop 0 is not valid: Edge 2424 has duplicate vertex with edge 2428.
    Calls: IT ... loadCoordIT -> suppressMessages -> withCallingHandlers
    Execution halted
Flavor: r-devel-windows-x86_64

Version: 1.2
Check: re-building of vignette outputs
Result: WARN
    Error(s) in re-building vignettes:
    --- re-building 'a-journey-into-mapping.Rmd' using rmarkdown
    Package 'mapping' version 1.2
    Type 'citation("mapping")' for citing this R package in publications.
    trying URL 'https://raw.githubusercontent.com/dataallaround/geospatial/master/EU/nuts/GeoJSON/eu_2021_nuts0_20m.geojson'
    Content length 135449 bytes (132 KB)
    ==================================================
    downloaded 132 KB
    
    Warning in CPL_crs_from_input(x) :
     GDAL Message 1: +init=epsg:XXXX syntax is deprecated. It might return a CRS with a non-EPSG compliant axis order.
    trying URL 'https://raw.githubusercontent.com/dataallaround/geospatial/master/IT/GeoJSON/it_2018_provincia.geojson'
     length 3541074 bytes (3.4 MB)
    ==================================================
    downloaded 3.4 MB
    
    Quitting from lines 135-136 (a-journey-into-mapping.Rmd)
    Error: processing vignette 'a-journey-into-mapping.Rmd' failed with diagnostics:
    Evaluation error: Found 4 features with invalid spherical geometry.
    [74] Loop 0 is not valid: Edge 1 has duplicate vertex with edge 944
    [75] Loop 0 is not valid: Edge 0 has duplicate vertex with edge 1051
    [103] Loop 82 is not valid: Edge 1 has duplicate vertex with edge 16
    [107] Loop 0 is not valid: Edge 2512 has duplicate vertex with edge 2516.
    --- failed re-building 'a-journey-into-mapping.Rmd'
    
    SUMMARY: processing the following file failed:
     'a-journey-into-mapping.Rmd'
    
    Error: Vignette re-building failed.
    Execution halted
Flavor: r-devel-windows-x86_64

Version: 1.2
Check: package dependencies
Result: ERROR
    Packages required but not available:
     'cartography', 'httr', 'curl', 'geojsonio'
    
    See section 'The DESCRIPTION file' in the 'Writing R Extensions'
    manual.
Flavor: r-devel-windows-x86_64-gcc10-UCRT

Version: 1.2
Check: re-building of vignette outputs
Result: WARN
    Error(s) in re-building vignettes:
     ...
    --- re-building ‘a-journey-into-mapping.Rmd’ using rmarkdown
    Warning in engine$weave(file, quiet = quiet, encoding = enc) :
     Pandoc (>= 1.12.3) not available. Falling back to R Markdown v1.
    Package 'mapping' version 1.2
    Type 'citation("mapping")' for citing this R package in publications.
    trying URL 'https://raw.githubusercontent.com/dataallaround/geospatial/master/EU/nuts/GeoJSON/eu_2021_nuts0_20m.geojson'
    Content type 'text/plain; charset=utf-8' length 135449 bytes (132 KB)
    ==================================================
    downloaded 132 KB
    
    trying URL 'https://raw.githubusercontent.com/dataallaround/geospatial/master/IT/GeoJSON/it_2018_provincia.geojson'
    Content type 'text/plain; charset=utf-8' length 3541074 bytes (3.4 MB)
    ==================================================
    downloaded 3.4 MB
    
    Quitting from lines 135-136 (a-journey-into-mapping.Rmd)
    Error: processing vignette 'a-journey-into-mapping.Rmd' failed with diagnostics:
    Evaluation error: Found 4 features with invalid spherical geometry.
    [74] Loop 0 is not valid: Edge 1 has duplicate vertex with edge 944
    [75] Loop 0 is not valid: Edge 0 has duplicate vertex with edge 1051
    [103] Loop 82 is not valid: Edge 1 has duplicate vertex with edge 16
    [107] Loop 0 is not valid: Edge 2512 has duplicate vertex with edge 2516.
    --- failed re-building ‘a-journey-into-mapping.Rmd’
    
    SUMMARY: processing the following file failed:
     ‘a-journey-into-mapping.Rmd’
    
    Error: Vignette re-building failed.
    Execution halted
Flavor: r-patched-solaris-x86

Version: 1.2
Check: re-building of vignette outputs
Result: WARN
    Error(s) in re-building vignettes:
    --- re-building ‘a-journey-into-mapping.Rmd’ using rmarkdown
    Warning in engine$weave(file, quiet = quiet, encoding = enc) :
     Pandoc (>= 1.12.3) not available. Falling back to R Markdown v1.
    Package 'mapping' version 1.2
    Type 'citation("mapping")' for citing this R package in publications.
    trying URL 'https://raw.githubusercontent.com/dataallaround/geospatial/master/EU/nuts/GeoJSON/eu_2021_nuts0_20m.geojson'
    Content type 'text/plain; charset=utf-8' length 135449 bytes (132 KB)
    ==================================================
    downloaded 132 KB
    
    Warning in CPL_crs_from_input(x) :
     GDAL Message 1: +init=epsg:XXXX syntax is deprecated. It might return a CRS with a non-EPSG compliant axis order.
    Linking to GEOS 3.9.1, GDAL 3.2.3, PROJ 7.2.1
    trying URL 'https://raw.githubusercontent.com/dataallaround/geospatial/master/IT/GeoJSON/it_2018_provincia.geojson'
    Content type 'text/plain; charset=utf-8' length 3541074 bytes (3.4 MB)
    ==================================================
    downloaded 3.4 MB
    
    trying URL 'https://raw.githubusercontent.com/dataallaround/geospatial/master/EU/nuts/GeoJSON/eu_2021_nuts1_20m.geojson'
    Content type 'text/plain; charset=utf-8' length 224638 bytes (219 KB)
    ==================================================
    downloaded 219 KB
    
    trying URL 'https://raw.githubusercontent.com/dataallaround/geospatial/master/US/GeoJSON/us_2018_state_20m.geojson'
    Content type 'text/plain; charset=utf-8' length 330996 bytes (323 KB)
    ==================================================
    downloaded 323 KB
    
    Warning: Values have found that are less than the lowest break
    Warning: Values have found that are higher than the highest break
    Warning in st_centroid.sf(data[hw, ]) :
     st_centroid assumes attributes are constant over geometries of x
    Warning in st_centroid.sfc(st_geometry(x), of_largest_polygon = of_largest_polygon) :
     st_centroid does not give correct centroids for longitude/latitude data
    although coordinates are longitude/latitude, st_intersects assumes that they are planar
    Warning in st_centroid.sf(data[data[alhw, ], ]) :
     st_centroid assumes attributes are constant over geometries of x
    Warning in st_centroid.sfc(st_geometry(x), of_largest_polygon = of_largest_polygon) :
     st_centroid does not give correct centroids for longitude/latitude data
    Warning: Values have found that are less than the lowest break
    Warning: Values have found that are higher than the highest break
    PhantomJS not found. You can install it with webshot::install_phantomjs(). If it is installed, please make sure the phantomjs executable can be found via the PATH variable.
    PhantomJS not found. You can install it with webshot::install_phantomjs(). If it is installed, please make sure the phantomjs executable can be found via the PATH variable.
    Quitting from lines 296-300 (a-journey-into-mapping.Rmd)
    Error: processing vignette 'a-journey-into-mapping.Rmd' failed with diagnostics:
    invalid 'path' argument
    --- failed re-building ‘a-journey-into-mapping.Rmd’
    
    SUMMARY: processing the following file failed:
     ‘a-journey-into-mapping.Rmd’
    
    Error: Vignette re-building failed.
    Execution halted
Flavor: r-release-macos-arm64

Version: 1.2
Check: re-building of vignette outputs
Result: WARN
    Error(s) in re-building vignettes:
    --- re-building ‘a-journey-into-mapping.Rmd’ using rmarkdown
    Warning in engine$weave(file, quiet = quiet, encoding = enc) :
     Pandoc (>= 1.12.3) not available. Falling back to R Markdown v1.
    Package 'mapping' version 1.2
    Type 'citation("mapping")' for citing this R package in publications.
    trying URL 'https://raw.githubusercontent.com/dataallaround/geospatial/master/EU/nuts/GeoJSON/eu_2021_nuts0_20m.geojson'
    Content type 'text/plain; charset=utf-8' length 135449 bytes (132 KB)
    ==================================================
    downloaded 132 KB
    
    Warning in CPL_crs_from_input(x) :
     GDAL Message 1: +init=epsg:XXXX syntax is deprecated. It might return a CRS with a non-EPSG compliant axis order.
    Linking to GEOS 3.8.1, GDAL 3.2.1, PROJ 7.2.1
    trying URL 'https://raw.githubusercontent.com/dataallaround/geospatial/master/IT/GeoJSON/it_2018_provincia.geojson'
    Content type 'text/plain; charset=utf-8' length 3541074 bytes (3.4 MB)
    ==================================================
    downloaded 3.4 MB
    
    trying URL 'https://raw.githubusercontent.com/dataallaround/geospatial/master/EU/nuts/GeoJSON/eu_2021_nuts1_20m.geojson'
    Content type 'text/plain; charset=utf-8' length 224638 bytes (219 KB)
    ==================================================
    downloaded 219 KB
    
    trying URL 'https://raw.githubusercontent.com/dataallaround/geospatial/master/US/GeoJSON/us_2018_state_20m.geojson'
    Content type 'text/plain; charset=utf-8' length 330996 bytes (323 KB)
    ==================================================
    downloaded 323 KB
    
    Warning: Values have found that are less than the lowest break
    Warning: Values have found that are higher than the highest break
    Warning in st_centroid.sf(data[hw, ]) :
     st_centroid assumes attributes are constant over geometries of x
    Warning in st_centroid.sfc(st_geometry(x), of_largest_polygon = of_largest_polygon) :
     st_centroid does not give correct centroids for longitude/latitude data
    although coordinates are longitude/latitude, st_intersects assumes that they are planar
    Warning in st_centroid.sf(data[data[alhw, ], ]) :
     st_centroid assumes attributes are constant over geometries of x
    Warning in st_centroid.sfc(st_geometry(x), of_largest_polygon = of_largest_polygon) :
     st_centroid does not give correct centroids for longitude/latitude data
    Warning: Values have found that are less than the lowest break
    Warning: Values have found that are higher than the highest break
    PhantomJS not found. You can install it with webshot::install_phantomjs(). If it is installed, please make sure the phantomjs executable can be found via the PATH variable.
    PhantomJS not found. You can install it with webshot::install_phantomjs(). If it is installed, please make sure the phantomjs executable can be found via the PATH variable.
    Quitting from lines 296-300 (a-journey-into-mapping.Rmd)
    Error: processing vignette 'a-journey-into-mapping.Rmd' failed with diagnostics:
    invalid 'path' argument
    --- failed re-building ‘a-journey-into-mapping.Rmd’
    
    SUMMARY: processing the following file failed:
     ‘a-journey-into-mapping.Rmd’
    
    Error: Vignette re-building failed.
    Execution halted
Flavor: r-release-macos-x86_64

Version: 1.2
Check: re-building of vignette outputs
Result: WARN
    Error(s) in re-building vignettes:
    --- re-building ‘a-journey-into-mapping.Rmd’ using rmarkdown
    Warning in engine$weave(file, quiet = quiet, encoding = enc) :
     Pandoc (>= 1.12.3) not available. Falling back to R Markdown v1.
    Package 'mapping' version 1.2
    Type 'citation("mapping")' for citing this R package in publications.
    trying URL 'https://raw.githubusercontent.com/dataallaround/geospatial/master/EU/nuts/GeoJSON/eu_2021_nuts0_20m.geojson'
    Content type 'text/plain; charset=utf-8' length 135449 bytes (132 KB)
    ==================================================
    downloaded 132 KB
    
    Warning in CPL_crs_from_input(x) :
     GDAL Message 1: +init=epsg:XXXX syntax is deprecated. It might return a CRS with a non-EPSG compliant axis order.
    Linking to GEOS 3.8.1, GDAL 3.1.4, PROJ 6.3.1
    trying URL 'https://raw.githubusercontent.com/dataallaround/geospatial/master/IT/GeoJSON/it_2018_provincia.geojson'
    Content type 'text/plain; charset=utf-8' length 3541074 bytes (3.4 MB)
    ==================================================
    downloaded 3.4 MB
    
    trying URL 'https://raw.githubusercontent.com/dataallaround/geospatial/master/EU/nuts/GeoJSON/eu_2021_nuts1_20m.geojson'
    Content type 'text/plain; charset=utf-8' length 224638 bytes (219 KB)
    ==================================================
    downloaded 219 KB
    
    trying URL 'https://raw.githubusercontent.com/dataallaround/geospatial/master/US/GeoJSON/us_2018_state_20m.geojson'
    Content type 'text/plain; charset=utf-8' length 330996 bytes (323 KB)
    ==================================================
    downloaded 323 KB
    
    Warning: Values have found that are less than the lowest break
    Warning: Values have found that are higher than the highest break
    Warning in st_centroid.sf(data[hw, ]) :
     st_centroid assumes attributes are constant over geometries of x
    Warning in st_centroid.sfc(st_geometry(x), of_largest_polygon = of_largest_polygon) :
     st_centroid does not give correct centroids for longitude/latitude data
    although coordinates are longitude/latitude, st_intersects assumes that they are planar
    Warning in st_centroid.sf(data[data[alhw, ], ]) :
     st_centroid assumes attributes are constant over geometries of x
    Warning in st_centroid.sfc(st_geometry(x), of_largest_polygon = of_largest_polygon) :
     st_centroid does not give correct centroids for longitude/latitude data
    Warning: Values have found that are less than the lowest break
    Warning: Values have found that are higher than the highest break
    PhantomJS not found. You can install it with webshot::install_phantomjs(). If it is installed, please make sure the phantomjs executable can be found via the PATH variable.
    PhantomJS not found. You can install it with webshot::install_phantomjs(). If it is installed, please make sure the phantomjs executable can be found via the PATH variable.
    Quitting from lines 296-300 (a-journey-into-mapping.Rmd)
    Error: processing vignette 'a-journey-into-mapping.Rmd' failed with diagnostics:
    invalid 'path' argument
    --- failed re-building ‘a-journey-into-mapping.Rmd’
    
    SUMMARY: processing the following file failed:
     ‘a-journey-into-mapping.Rmd’
    
    Error: Vignette re-building failed.
    Execution halted
Flavor: r-oldrel-macos-x86_64