Last updated on 2023-02-08 06:56:30 CET.
Flavor | Version | Tinstall | Tcheck | Ttotal | Status | Flags |
---|---|---|---|---|---|---|
r-devel-linux-x86_64-debian-clang | 0.7.0 | 9.76 | 177.40 | 187.16 | OK | |
r-devel-linux-x86_64-debian-gcc | 0.7.0 | 7.00 | 129.63 | 136.63 | OK | |
r-devel-linux-x86_64-fedora-clang | 0.7.0 | 222.21 | NOTE | |||
r-devel-linux-x86_64-fedora-gcc | 0.7.0 | 235.16 | NOTE | |||
r-devel-windows-x86_64 | 0.7.0 | 40.00 | 183.00 | 223.00 | OK | |
r-patched-linux-x86_64 | 0.7.0 | 9.65 | 166.49 | 176.14 | OK | |
r-release-linux-x86_64 | 0.7.0 | 6.91 | 166.16 | 173.07 | OK | |
r-release-macos-arm64 | 0.7.0 | 62.00 | OK | |||
r-release-macos-x86_64 | 0.7.0 | 82.00 | OK | |||
r-release-windows-x86_64 | 0.7.0 | 55.00 | 201.00 | 256.00 | OK | |
r-oldrel-macos-arm64 | 0.7.0 | 55.00 | OK | |||
r-oldrel-macos-x86_64 | 0.7.0 | 85.00 | OK | |||
r-oldrel-windows-ix86+x86_64 | 0.7.0 | 23.00 | 182.00 | 205.00 | OK |
Version: 0.7.0
Check: data for non-ASCII characters
Result: NOTE
Note: found 13138 marked UTF-8 strings
Flavors: r-devel-linux-x86_64-fedora-clang, r-devel-linux-x86_64-fedora-gcc