Last updated on 2023-09-26 13:08:35 CEST.
Flavor | Version | Tinstall | Tcheck | Ttotal | Status | Flags |
---|---|---|---|---|---|---|
r-devel-linux-x86_64-debian-clang | 0.8.0 | 8.83 | 180.38 | 189.21 | OK | |
r-devel-linux-x86_64-debian-gcc | 0.8.0 | 7.34 | 136.22 | 143.56 | OK | |
r-devel-linux-x86_64-fedora-clang | 0.8.0 | 230.47 | NOTE | |||
r-devel-linux-x86_64-fedora-gcc | 0.8.0 | 241.27 | NOTE | |||
r-devel-windows-x86_64 | 0.8.0 | 12.00 | 136.00 | 148.00 | OK | |
r-patched-linux-x86_64 | 0.8.0 | 10.51 | 171.13 | 181.64 | OK | |
r-release-linux-x86_64 | 0.8.0 | 7.26 | 172.17 | 179.43 | OK | |
r-release-macos-arm64 | 0.8.0 | 62.00 | OK | |||
r-release-macos-x86_64 | 0.8.0 | 125.00 | OK | |||
r-release-windows-x86_64 | 0.8.0 | 14.00 | 155.00 | 169.00 | OK | |
r-oldrel-macos-arm64 | 0.8.0 | 59.00 | OK | |||
r-oldrel-macos-x86_64 | 0.8.0 | 87.00 | OK | |||
r-oldrel-windows-x86_64 | 0.8.0 | 14.00 | 154.00 | 168.00 | OK |
Version: 0.8.0
Check: data for non-ASCII characters
Result: NOTE
Note: found 13138 marked UTF-8 strings
Flavors: r-devel-linux-x86_64-fedora-clang, r-devel-linux-x86_64-fedora-gcc