CRAN Package Check Results for Package manifold

Last updated on 2024-04-14 21:49:29 CEST.

Flavor Version Tinstall Tcheck Ttotal Status Flags
r-devel-linux-x86_64-debian-clang 0.1.1 63.34 85.60 148.94 NOTE
r-devel-linux-x86_64-debian-gcc 0.1.1 48.87 63.45 112.32 NOTE
r-devel-linux-x86_64-fedora-clang 0.1.1 199.81 NOTE
r-devel-linux-x86_64-fedora-gcc 0.1.1 198.57 NOTE
r-devel-windows-x86_64 0.1.1 51.00 96.00 147.00 NOTE
r-patched-linux-x86_64 0.1.1 68.63 80.60 149.23 NOTE
r-release-linux-x86_64 0.1.1 62.70 82.24 144.94 NOTE
r-release-macos-arm64 0.1.1 56.00 NOTE
r-release-macos-x86_64 0.1.1 93.00 NOTE
r-release-windows-x86_64 0.1.1 62.00 112.00 174.00 NOTE
r-oldrel-macos-arm64 0.1.1 50.00 OK
r-oldrel-windows-x86_64 0.1.1 61.00 107.00 168.00 OK

Check Details

Version: 0.1.1
Check: C++ specification
Result: NOTE Specified C++11: please drop specification unless essential Flavors: r-devel-linux-x86_64-debian-clang, r-devel-linux-x86_64-debian-gcc, r-devel-linux-x86_64-fedora-clang, r-devel-linux-x86_64-fedora-gcc, r-devel-windows-x86_64, r-patched-linux-x86_64, r-release-linux-x86_64, r-release-macos-arm64, r-release-macos-x86_64, r-release-windows-x86_64