CRAN Package Check Results for Package manhattanly

Last updated on 2021-12-07 20:52:44 CET.

Flavor Version Tinstall Tcheck Ttotal Status Flags
r-devel-linux-x86_64-debian-clang 0.3.0 3.41 41.75 45.16 OK
r-devel-linux-x86_64-debian-gcc 0.3.0 2.27 33.06 35.33 OK
r-devel-linux-x86_64-fedora-clang 0.3.0 57.28 NOTE
r-devel-linux-x86_64-fedora-gcc 0.3.0 45.48 NOTE
r-devel-windows-x86_64-new-UL 0.3.0 11.00 74.00 85.00 OK
r-devel-windows-x86_64-new-TK 0.3.0 NOTE
r-devel-windows-x86_64-old 0.3.0 6.00 45.00 51.00 OK
r-patched-linux-x86_64 0.3.0 9.53 40.81 50.34 OK
r-release-linux-x86_64 0.3.0 2.03 40.01 42.04 OK
r-release-macos-arm64 0.3.0 NOTE
r-release-macos-x86_64 0.3.0 NOTE
r-release-windows-ix86+x86_64 0.3.0 6.00 57.00 63.00 OK
r-oldrel-macos-x86_64 0.3.0 NOTE
r-oldrel-windows-ix86+x86_64 0.3.0 8.00 51.00 59.00 OK

Check Details

Version: 0.3.0
Check: dependencies in R code
Result: NOTE
    Namespace in Imports field not imported from: ‘ggplot2’
     All declared Imports should be used.
Flavors: r-devel-linux-x86_64-fedora-clang, r-devel-linux-x86_64-fedora-gcc, r-devel-windows-x86_64-new-TK, r-release-macos-arm64, r-release-macos-x86_64, r-oldrel-macos-x86_64