CRAN Package Check Results for Package malariaAtlas

Last updated on 2021-06-21 01:49:24 CEST.

Flavor Version Tinstall Tcheck Ttotal Status Flags
r-devel-linux-x86_64-debian-clang 1.0.1 7.99 104.76 112.75 NOTE
r-devel-linux-x86_64-debian-gcc 1.0.1 6.00 78.41 84.41 NOTE
r-devel-linux-x86_64-fedora-clang 1.0.1 138.80 NOTE
r-devel-linux-x86_64-fedora-gcc 1.0.1 127.72 NOTE
r-devel-windows-x86_64 1.0.1 12.00 162.00 174.00 NOTE
r-devel-windows-x86_64-gcc10-UCRT 1.0.1 ERROR
r-patched-linux-x86_64 1.0.1 11.27 66.59 77.86 NOTE
r-patched-solaris-x86 1.0.1 184.40 NOTE
r-release-linux-x86_64 1.0.1 6.18 99.11 105.29 NOTE
r-release-macos-arm64 1.0.1 NOTE
r-release-macos-x86_64 1.0.1 NOTE
r-release-windows-ix86+x86_64 1.0.1 16.00 209.00 225.00 NOTE
r-oldrel-macos-x86_64 1.0.1 NOTE

Check Details

Version: 1.0.1
Check: LazyData
Result: NOTE
     'LazyData' is specified without a 'data' directory
Flavors: r-devel-linux-x86_64-debian-clang, r-devel-linux-x86_64-debian-gcc, r-devel-linux-x86_64-fedora-clang, r-devel-linux-x86_64-fedora-gcc, r-devel-windows-x86_64, r-patched-linux-x86_64, r-patched-solaris-x86, r-release-linux-x86_64, r-release-macos-arm64, r-release-macos-x86_64, r-release-windows-ix86+x86_64

Version: 1.0.1
Check: dependencies in R code
Result: NOTE
    Namespace in Imports field not imported from: ‘grid’
     All declared Imports should be used.
Flavors: r-devel-linux-x86_64-fedora-clang, r-devel-linux-x86_64-fedora-gcc, r-patched-solaris-x86, r-release-macos-arm64, r-release-macos-x86_64, r-oldrel-macos-x86_64

Version: 1.0.1
Check: package dependencies
Result: ERROR
    Packages required but not available: 'curl', 'httr'
    
    Package suggested but not available for checking: 'rdhs'
    
    See section 'The DESCRIPTION file' in the 'Writing R Extensions'
    manual.
Flavor: r-devel-windows-x86_64-gcc10-UCRT

Version: 1.0.1
Check: package dependencies
Result: NOTE
    Package suggested but not available for checking: ‘rdhs’
Flavor: r-release-macos-arm64