CRAN Package Check Results for Package malan

Last updated on 2021-11-26 19:52:55 CET.

Flavor Version Tinstall Tcheck Ttotal Status Flags
r-devel-linux-x86_64-debian-clang 1.0.2 295.84 92.66 388.50 OK
r-devel-linux-x86_64-debian-gcc 1.0.2 220.90 70.61 291.51 OK
r-devel-linux-x86_64-fedora-clang 1.0.2 667.45 NOTE
r-devel-linux-x86_64-fedora-gcc 1.0.2 547.49 OK
r-devel-windows-x86_64-new-UL 1.0.2 387.00 192.00 579.00 OK
r-devel-windows-x86_64-new-TK 1.0.2 OK
r-devel-windows-x86_64-old 1.0.2 345.00 135.00 480.00 OK
r-patched-linux-x86_64 1.0.2 273.58 87.92 361.50 OK
r-patched-solaris-x86 1.0.2 449.90 OK
r-release-linux-x86_64 1.0.2 OK
r-release-macos-arm64 1.0.2 NOTE
r-release-macos-x86_64 1.0.2 NOTE
r-release-windows-ix86+x86_64 1.0.2 772.00 140.00 912.00 OK
r-oldrel-macos-x86_64 1.0.2 NOTE
r-oldrel-windows-ix86+x86_64 1.0.2 671.00 184.00 855.00 OK

Check Details

Version: 1.0.2
Check: installed package size
Result: NOTE
     installed size is 10.5Mb
     sub-directories of 1Mb or more:
     libs 9.5Mb
Flavors: r-devel-linux-x86_64-fedora-clang, r-release-macos-arm64, r-release-macos-x86_64, r-oldrel-macos-x86_64