CRAN Package Check Results for Package magmaR

Last updated on 2021-08-04 13:53:04 CEST.

Flavor Version Tinstall Tcheck Ttotal Status Flags
r-devel-linux-x86_64-debian-clang 1.0.1 2.81 71.38 74.19 OK
r-devel-linux-x86_64-debian-gcc 1.0.1 2.24 54.27 56.51 OK
r-devel-linux-x86_64-fedora-clang 1.0.1 84.84 NOTE
r-devel-linux-x86_64-fedora-gcc 1.0.1 73.25 NOTE
r-devel-windows-x86_64 1.0.1 4.00 100.00 104.00 OK
r-devel-windows-x86_64-gcc10-UCRT 1.0.1 OK
r-patched-linux-x86_64 1.0.1 2.79 69.90 72.69 OK
r-patched-solaris-x86 1.0.1 118.40 OK
r-release-linux-x86_64 1.0.1 2.71 69.60 72.31 OK
r-release-macos-arm64 1.0.1 WARN
r-release-macos-x86_64 1.0.1 NOTE
r-release-windows-ix86+x86_64 1.0.1 6.00 104.00 110.00 OK
r-oldrel-macos-x86_64 1.0.1 NOTE
r-oldrel-windows-ix86+x86_64 1.0.1 5.00 102.00 107.00 OK

Check Details

Version: 1.0.1
Check: package dependencies
Result: NOTE
    Package suggested but not available for checking: ‘dittoSeq’
Flavors: r-devel-linux-x86_64-fedora-clang, r-devel-linux-x86_64-fedora-gcc, r-release-macos-x86_64, r-oldrel-macos-x86_64

Version: 1.0.1
Check: package dependencies
Result: NOTE
    Packages suggested but not available for checking: 'dittoSeq', 'BiocStyle'
Flavor: r-release-macos-arm64

Version: 1.0.1
Check: re-building of vignette outputs
Result: WARN
    Error(s) in re-building vignettes:
     ...
    --- re-building ‘Download.Rmd’ using rmarkdown
    Warning in engine$weave(file, quiet = quiet, encoding = enc) :
     Pandoc (>= 1.12.3) not available. Falling back to R Markdown v1.
    Quitting from lines 18-31 (Download.Rmd)
    Error: processing vignette 'Download.Rmd' failed with diagnostics:
    there is no package called 'BiocStyle'
    --- failed re-building ‘Download.Rmd’
    
    --- re-building ‘Upload.Rmd’ using rmarkdown
    Warning in engine$weave(file, quiet = quiet, encoding = enc) :
     Pandoc (>= 1.12.3) not available. Falling back to R Markdown v1.
    Quitting from lines 18-31 (Upload.Rmd)
    Error: processing vignette 'Upload.Rmd' failed with diagnostics:
    there is no package called 'BiocStyle'
    --- failed re-building ‘Upload.Rmd’
    
    SUMMARY: processing the following files failed:
     ‘Download.Rmd’ ‘Upload.Rmd’
    
    Error: Vignette re-building failed.
    Execution halted
Flavor: r-release-macos-arm64