CRAN Package Check Results for Package macleish

Last updated on 2021-07-26 01:50:20 CEST.

Flavor Version Tinstall Tcheck Ttotal Status Flags
r-devel-linux-x86_64-debian-clang 0.3.6 8.81 96.34 105.15 OK
r-devel-linux-x86_64-debian-gcc 0.3.6 7.40 72.60 80.00 OK
r-devel-linux-x86_64-fedora-clang 0.3.6 141.52 OK
r-devel-linux-x86_64-fedora-gcc FAIL
r-devel-windows-x86_64 0.3.6 14.00 126.00 140.00 OK
r-devel-windows-x86_64-gcc10-UCRT 0.3.6 OK
r-patched-linux-x86_64 0.3.6 9.09 89.81 98.90 OK
r-patched-solaris-x86 0.3.6 193.90 OK
r-release-linux-x86_64 0.3.6 9.08 90.36 99.44 OK
r-release-macos-arm64 0.3.6 WARN
r-release-macos-x86_64 0.3.6 OK
r-release-windows-ix86+x86_64 0.3.6 19.00 85.00 104.00 OK
r-oldrel-macos-x86_64 0.3.6 OK
r-oldrel-windows-ix86+x86_64 0.3.6 15.00 123.00 138.00 OK

Check Details

Version: 0.3.6
Check: index information
Result: WARN
    
    Execution halted
    See sections ‘The INDEX file’ and ‘Package subdirectories’ in the
    ‘Writing R Extensions’ manual.
Flavor: r-devel-linux-x86_64-fedora-gcc

Version: 0.3.6
Check: package subdirectories
Result: FAIL
Flavor: r-devel-linux-x86_64-fedora-gcc

Version: 0.3.6
Check: re-building of vignette outputs
Result: WARN
    Error(s) in re-building vignettes:
    --- re-building ‘macleish.Rmd’ using rmarkdown
    Warning in engine$weave(file, quiet = quiet, encoding = enc) :
     Pandoc (>= 1.12.3) not available. Falling back to R Markdown v1.
    Loading required package: etl
    Loading required package: dplyr
    
    Attaching package: 'dplyr'
    
    The following objects are masked from 'package:stats':
    
     filter, lag
    
    The following objects are masked from 'package:base':
    
     intersect, setdiff, setequal, union
    
    
    Attaching package: 'lubridate'
    
    The following objects are masked from 'package:base':
    
     date, intersect, setdiff, union
    
    Loading required package: mgcv
    Loading required package: nlme
    
    Attaching package: 'nlme'
    
    The following object is masked from 'package:dplyr':
    
     collapse
    
    This is mgcv 1.8-36. For overview type 'help("mgcv-package")'.
    `geom_smooth()` using method = 'gam' and formula 'y ~ s(x, bs = "cs")'
    Quitting from lines 97-111 (macleish.Rmd)
    Error: processing vignette 'macleish.Rmd' failed with diagnostics:
    polygon edge not found
    --- failed re-building ‘macleish.Rmd’
    
    SUMMARY: processing the following file failed:
     ‘macleish.Rmd’
    
    Error: Vignette re-building failed.
    Execution halted
Flavor: r-release-macos-arm64