CRAN Package Check Results for Package lwgeom

Last updated on 2024-02-23 12:51:48 CET.

Flavor Version Tinstall Tcheck Ttotal Status Flags
r-devel-linux-x86_64-debian-clang 0.2-13 OK
r-devel-linux-x86_64-debian-gcc 0.2-14 92.57 56.78 149.35 OK
r-devel-linux-x86_64-fedora-clang 0.2-14 258.45 OK
r-devel-linux-x86_64-fedora-gcc 0.2-14 287.03 OK
r-devel-windows-x86_64 0.2-13 102.00 248.00 350.00 NOTE
r-patched-linux-x86_64 0.2-13 115.65 73.79 189.44 OK
r-release-linux-x86_64 0.2-13 120.00 73.78 193.78 OK
r-release-macos-arm64 0.2-14 69.00 NOTE
r-release-macos-x86_64 0.2-14 105.00 NOTE
r-release-windows-x86_64 0.2-14 102.00 258.00 360.00 NOTE
r-oldrel-macos-arm64 0.2-14 66.00 NOTE
r-oldrel-windows-x86_64 0.2-13 179.00 583.00 762.00 NOTE

Additional issues

M1mac

Check Details

Version: 0.2-13
Check: installed package size
Result: NOTE installed size is 30.6Mb sub-directories of 1Mb or more: gdal 3.0Mb libs 19.1Mb proj 8.4Mb Flavors: r-devel-windows-x86_64, r-oldrel-windows-x86_64

Version: 0.2-14
Check: installed package size
Result: NOTE installed size is 24.4Mb sub-directories of 1Mb or more: libs 24.2Mb Flavors: r-release-macos-arm64, r-release-macos-x86_64, r-release-windows-x86_64, r-oldrel-macos-arm64