Last updated on 2023-03-30 12:55:14 CEST.
Flavor | Version | Tinstall | Tcheck | Ttotal | Status | Flags |
---|---|---|---|---|---|---|
r-devel-linux-x86_64-debian-clang | 0.2.1 | 51.14 | 67.16 | 118.30 | NOTE | |
r-devel-linux-x86_64-debian-gcc | 0.2.1 | 45.64 | 52.03 | 97.67 | NOTE | |
r-devel-linux-x86_64-fedora-clang | 0.2.1 | 157.41 | NOTE | |||
r-devel-linux-x86_64-fedora-gcc | 0.2.1 | 159.17 | NOTE | |||
r-devel-windows-x86_64 | 0.2.1 | 57.00 | 0.00 | 57.00 | OK | |
r-patched-linux-x86_64 | 0.2.1 | 56.73 | 64.64 | 121.37 | NOTE | |
r-release-linux-x86_64 | 0.2.1 | 50.20 | 68.58 | 118.78 | NOTE | |
r-release-macos-arm64 | 0.2.1 | 66.00 | OK | |||
r-release-macos-x86_64 | 0.2.1 | 72.00 | OK | |||
r-release-windows-x86_64 | 0.2.1 | 57.00 | 101.00 | 158.00 | OK | |
r-oldrel-macos-arm64 | 0.2.1 | 69.00 | OK | |||
r-oldrel-macos-x86_64 | 0.2.1 | 77.00 | OK | |||
r-oldrel-windows-ix86+x86_64 | 0.2.1 | 75.00 | 95.00 | 170.00 | OK |
Version: 0.2.1
Check: package dependencies
Result: NOTE
Package suggested but not available for checking: ‘depth’
Flavors: r-devel-linux-x86_64-debian-clang, r-devel-linux-x86_64-debian-gcc, r-devel-linux-x86_64-fedora-clang, r-devel-linux-x86_64-fedora-gcc, r-patched-linux-x86_64, r-release-linux-x86_64