CRAN Package Check Results for Package lutz

Last updated on 2024-02-28 21:49:50 CET.

Flavor Version Tinstall Tcheck Ttotal Status Flags
r-devel-linux-x86_64-debian-clang 0.3.2 28.08 91.29 119.37 OK
r-devel-linux-x86_64-debian-gcc 0.3.2 22.77 70.72 93.49 OK
r-devel-linux-x86_64-fedora-clang 0.3.2 164.73 OK
r-devel-linux-x86_64-fedora-gcc 0.3.2 152.80 OK
r-devel-windows-x86_64 0.3.2 26.00 119.00 145.00 NOTE
r-patched-linux-x86_64 0.3.2 26.84 89.41 116.25 OK
r-release-linux-x86_64 0.3.2 21.46 89.49 110.95 OK
r-release-macos-arm64 0.3.2 56.00 NOTE
r-release-macos-x86_64 0.3.2 139.00 NOTE
r-release-windows-x86_64 0.3.2 33.00 140.00 173.00 NOTE
r-oldrel-macos-arm64 0.3.2 56.00 NOTE
r-oldrel-windows-x86_64 0.3.2 32.00 135.00 167.00 NOTE

Check Details

Version: 0.3.2
Check: installed package size
Result: NOTE installed size is 5.3Mb sub-directories of 1Mb or more: R 4.0Mb libs 1.1Mb Flavors: r-devel-windows-x86_64, r-release-macos-arm64, r-release-macos-x86_64, r-release-windows-x86_64, r-oldrel-macos-arm64, r-oldrel-windows-x86_64