CRAN Package Check Results for Package lspline

Last updated on 2021-10-18 13:54:02 CEST.

Flavor Version Tinstall Tcheck Ttotal Status Flags
r-devel-linux-x86_64-debian-clang 1.0-0 1.94 29.16 31.10 NOTE
r-devel-linux-x86_64-debian-gcc 1.0-0 1.57 22.79 24.36 NOTE
r-devel-linux-x86_64-fedora-clang 1.0-0 47.02 NOTE
r-devel-linux-x86_64-fedora-gcc 1.0-0 36.82 NOTE
r-devel-windows-x86_64 1.0-0 4.00 51.00 55.00 NOTE
r-devel-windows-x86_64-gcc10-UCRT 1.0-0 NOTE
r-patched-linux-x86_64 1.0-0 1.93 27.87 29.80 NOTE
r-patched-solaris-x86 1.0-0 49.00 WARN
r-release-linux-x86_64 1.0-0 1.93 27.89 29.82 NOTE
r-release-macos-arm64 1.0-0 NOTE
r-release-macos-x86_64 1.0-0 WARN
r-release-windows-ix86+x86_64 1.0-0 5.00 50.00 55.00 NOTE
r-oldrel-macos-x86_64 1.0-0 WARN
r-oldrel-windows-ix86+x86_64 1.0-0 5.00 49.00 54.00 OK

Check Details

Version: 1.0-0
Check: LazyData
Result: NOTE
     'LazyData' is specified without a 'data' directory
Flavors: r-devel-linux-x86_64-debian-clang, r-devel-linux-x86_64-debian-gcc, r-devel-linux-x86_64-fedora-clang, r-devel-linux-x86_64-fedora-gcc, r-devel-windows-x86_64, r-devel-windows-x86_64-gcc10-UCRT, r-patched-linux-x86_64, r-patched-solaris-x86, r-release-linux-x86_64, r-release-macos-arm64, r-release-macos-x86_64, r-release-windows-ix86+x86_64

Version: 1.0-0
Check: re-building of vignette outputs
Result: WARN
    Error(s) in re-building vignettes:
     ...
    --- re-building ‘lspline.Rmd’ using rmarkdown
    Warning in engine$weave(file, quiet = quiet, encoding = enc) :
     Pandoc (>= 1.12.3) not available. Falling back to R Markdown v1.
    Quitting from lines 18-23 (lspline.Rmd)
    Error: processing vignette 'lspline.Rmd' failed with diagnostics:
    object 'params' not found
    --- failed re-building ‘lspline.Rmd’
    
    SUMMARY: processing the following file failed:
     ‘lspline.Rmd’
    
    Error: Vignette re-building failed.
    Execution halted
Flavors: r-patched-solaris-x86, r-release-macos-x86_64

Version: 1.0-0
Check: re-building of vignette outputs
Result: WARN
    Error(s) in re-building vignettes:
     ...
    --- re-building ‘lspline.Rmd’ using rmarkdown
    Warning in engine$weave(file, quiet = quiet, encoding = enc) :
     Pandoc (>= 1.12.3) and/or pandoc-citeproc not available. Falling back to R Markdown v1.
    Quitting from lines 18-23 (lspline.Rmd)
    Error: processing vignette 'lspline.Rmd' failed with diagnostics:
    object 'params' not found
    --- failed re-building ‘lspline.Rmd’
    
    SUMMARY: processing the following file failed:
     ‘lspline.Rmd’
    
    Error: Vignette re-building failed.
    Execution halted
Flavor: r-oldrel-macos-x86_64