CRAN Package Check Results for Package lsa

Last updated on 2021-09-24 01:50:09 CEST.

Flavor Version Tinstall Tcheck Ttotal Status Flags
r-devel-linux-x86_64-debian-clang 0.73.2 3.48 36.94 40.42 OK
r-devel-linux-x86_64-debian-gcc 0.73.2 2.99 30.08 33.07 OK
r-devel-linux-x86_64-fedora-clang 0.73.2 58.98 NOTE
r-devel-linux-x86_64-fedora-gcc 0.73.2 47.73 NOTE
r-devel-windows-x86_64 0.73.2 5.00 45.00 50.00 OK
r-devel-windows-x86_64-gcc10-UCRT 0.73.2 NOTE
r-patched-linux-x86_64 0.73.2 3.90 36.33 40.23 OK
r-patched-solaris-x86 0.73.2 74.60 NOTE
r-release-linux-x86_64 0.73.2 3.02 36.30 39.32 OK
r-release-macos-arm64 0.73.2 NOTE
r-release-macos-x86_64 0.73.2 NOTE
r-release-windows-ix86+x86_64 0.73.2 7.00 44.00 51.00 OK
r-oldrel-macos-x86_64 0.73.2 NOTE
r-oldrel-windows-ix86+x86_64 0.73.2 37.00 43.00 80.00 OK

Check Details

Version: 0.73.2
Check: data for non-ASCII characters
Result: NOTE
     Note: found 143 marked Latin-1 strings
     Note: found 833 marked UTF-8 strings
Flavors: r-devel-linux-x86_64-fedora-clang, r-devel-linux-x86_64-fedora-gcc, r-devel-windows-x86_64-gcc10-UCRT, r-patched-solaris-x86, r-release-macos-arm64, r-release-macos-x86_64, r-oldrel-macos-x86_64