CRAN Package Check Results for Package lsa

Last updated on 2023-02-08 12:57:13 CET.

Flavor Version Tinstall Tcheck Ttotal Status Flags
r-devel-linux-x86_64-debian-clang 0.73.3 3.64 39.04 42.68 NOTE
r-devel-linux-x86_64-debian-gcc 0.73.3 2.82 31.46 34.28 NOTE
r-devel-linux-x86_64-fedora-clang 0.73.3 56.65 NOTE
r-devel-linux-x86_64-fedora-gcc 0.73.3 54.79 NOTE
r-devel-windows-x86_64 0.73.3 22.00 80.00 102.00 NOTE
r-patched-linux-x86_64 0.73.3 3.39 38.22 41.61 OK
r-release-linux-x86_64 0.73.3 3.53 37.43 40.96 OK
r-release-macos-arm64 0.73.3 31.00 NOTE
r-release-macos-x86_64 0.73.3 30.00 NOTE
r-release-windows-x86_64 0.73.3 26.00 86.00 112.00 OK
r-oldrel-macos-arm64 0.73.3 21.00 NOTE
r-oldrel-macos-x86_64 0.73.3 30.00 NOTE
r-oldrel-windows-ix86+x86_64 0.73.3 7.00 63.00 70.00 OK

Check Details

Version: 0.73.3
Check: Rd files
Result: NOTE
    checkRd: (-1) specialchars.Rd:6: Escaped LaTeX specials: \&
Flavors: r-devel-linux-x86_64-debian-clang, r-devel-linux-x86_64-debian-gcc, r-devel-linux-x86_64-fedora-clang, r-devel-linux-x86_64-fedora-gcc, r-devel-windows-x86_64

Version: 0.73.3
Check: data for non-ASCII characters
Result: NOTE
     Note: found 143 marked Latin-1 strings
     Note: found 833 marked UTF-8 strings
Flavors: r-devel-linux-x86_64-fedora-clang, r-devel-linux-x86_64-fedora-gcc, r-release-macos-arm64, r-release-macos-x86_64, r-oldrel-macos-arm64, r-oldrel-macos-x86_64