CRAN Package Check Results for Package lphom

Last updated on 2021-11-26 19:52:55 CET.

Flavor Version Tinstall Tcheck Ttotal Status Flags
r-devel-linux-x86_64-debian-clang 0.3.0-7 5.45 55.02 60.47 OK
r-devel-linux-x86_64-debian-gcc 0.3.0-7 3.85 42.16 46.01 OK
r-devel-linux-x86_64-fedora-clang 0.3.0-7 84.68 OK
r-devel-linux-x86_64-fedora-gcc 0.3.0-7 76.07 OK
r-devel-windows-x86_64-new-UL 0.3.0-7 13.00 98.00 111.00 OK
r-devel-windows-x86_64-new-TK 0.3.0-7 OK
r-devel-windows-x86_64-old 0.3.0-7 7.00 87.00 94.00 OK
r-patched-linux-x86_64 0.3.0-7 6.06 52.56 58.62 OK
r-patched-solaris-x86 0.3.0-7 4.80 ERROR
r-release-linux-x86_64 0.3.0-7 OK
r-release-macos-arm64 0.3.0-7 OK
r-release-macos-x86_64 0.3.0-7 OK
r-release-windows-ix86+x86_64 0.3.0-7 11.00 58.00 69.00 OK
r-oldrel-macos-x86_64 0.3.0-7 OK
r-oldrel-windows-ix86+x86_64 0.3.0-7 8.00 76.00 84.00 OK

Check Details

Version: 0.3.0-7
Check: package dependencies
Result: ERROR
    Package required but not available: ‘Rsymphony’
    
    See section ‘The DESCRIPTION file’ in the ‘Writing R Extensions’
    manual.
Flavor: r-patched-solaris-x86