CRAN Package Check Results for Package loon.data

Last updated on 2021-12-07 20:52:43 CET.

Flavor Version Tinstall Tcheck Ttotal Status Flags
r-devel-linux-x86_64-debian-clang 0.1.3 2.34 41.00 43.34 OK
r-devel-linux-x86_64-debian-gcc 0.1.3 1.95 32.96 34.91 OK
r-devel-linux-x86_64-fedora-clang 0.1.3 54.88 NOTE
r-devel-linux-x86_64-fedora-gcc 0.1.3 43.18 NOTE
r-devel-windows-x86_64-new-UL 0.1.3 9.00 70.00 79.00 OK
r-devel-windows-x86_64-new-TK 0.1.3 NOTE
r-devel-windows-x86_64-old 0.1.3 5.00 39.00 44.00 OK
r-patched-linux-x86_64 0.1.3 3.00 39.60 42.60 OK
r-release-linux-x86_64 0.1.3 2.34 39.20 41.54 OK
r-release-macos-arm64 0.1.3 NOTE
r-release-macos-x86_64 0.1.3 NOTE
r-release-windows-ix86+x86_64 0.1.3 6.00 36.00 42.00 OK
r-oldrel-macos-x86_64 0.1.3 NOTE
r-oldrel-windows-ix86+x86_64 0.1.3 5.00 36.00 41.00 OK

Check Details

Version: 0.1.3
Check: data for non-ASCII characters
Result: NOTE
     Note: found 994 marked Latin-1 strings
Flavors: r-devel-linux-x86_64-fedora-clang, r-devel-linux-x86_64-fedora-gcc, r-devel-windows-x86_64-new-TK, r-release-macos-arm64, r-release-macos-x86_64, r-oldrel-macos-x86_64