CRAN Package Check Results for Package loo

Last updated on 2021-09-23 13:54:51 CEST.

Flavor Version Tinstall Tcheck Ttotal Status Flags
r-devel-linux-x86_64-debian-clang 2.4.1 7.76 134.34 142.10 OK
r-devel-linux-x86_64-debian-gcc 2.4.1 6.28 96.01 102.29 OK
r-devel-linux-x86_64-fedora-clang 2.4.1 168.22 OK
r-devel-linux-x86_64-fedora-gcc 2.4.1 161.53 OK
r-devel-windows-x86_64 2.4.1 10.00 151.00 161.00 OK
r-devel-windows-x86_64-gcc10-UCRT 2.4.1 ERROR
r-patched-linux-x86_64 2.4.1 8.69 129.37 138.06 OK
r-patched-solaris-x86 2.4.1 231.40 OK
r-release-linux-x86_64 2.4.1 7.83 132.37 140.20 OK
r-release-macos-arm64 2.4.1 OK
r-release-macos-x86_64 2.4.1 OK
r-release-windows-ix86+x86_64 2.4.1 12.00 143.00 155.00 OK
r-oldrel-macos-x86_64 2.4.1 OK
r-oldrel-windows-ix86+x86_64 2.4.1 9.00 140.00 149.00 OK

Check Details

Version: 2.4.1
Check: package dependencies
Result: NOTE
    Packages suggested but not available for checking:
     'brms', 'rstan', 'rstanarm', 'rstantools', 'spdep'
Flavor: r-devel-windows-x86_64-gcc10-UCRT

Version: 2.4.1
Check: PDF version of manual
Result: WARN
    LaTeX errors when creating PDF version.
    This typically indicates Rd problems.
Flavor: r-devel-windows-x86_64-gcc10-UCRT

Version: 2.4.1
Check: PDF version of manual without hyperrefs or index
Result: ERROR
    Re-running with no redirection of stdout/stderr.
Flavor: r-devel-windows-x86_64-gcc10-UCRT