CRAN Package Check Results for Package longurl

Last updated on 2021-08-02 22:54:35 CEST.

Flavor Version Tinstall Tcheck Ttotal Status Flags
r-devel-linux-x86_64-debian-clang 0.3.3 1.68 22.37 24.05 NOTE
r-devel-linux-x86_64-debian-gcc 0.3.3 1.53 17.78 19.31 NOTE
r-devel-linux-x86_64-fedora-clang 0.3.3 38.03 NOTE
r-devel-linux-x86_64-fedora-gcc 0.3.3 27.61 NOTE
r-devel-windows-x86_64 0.3.3 3.00 46.00 49.00 NOTE
r-devel-windows-x86_64-gcc10-UCRT 0.3.3 NOTE
r-patched-linux-x86_64 0.3.3 NOTE
r-patched-solaris-x86 0.3.3 47.70 NOTE
r-release-linux-x86_64 0.3.3 1.85 21.64 23.49 NOTE
r-release-macos-arm64 0.3.3 NOTE
r-release-macos-x86_64 0.3.3 NOTE
r-release-windows-ix86+x86_64 0.3.3 5.00 36.00 41.00 NOTE
r-oldrel-macos-x86_64 0.3.3 OK
r-oldrel-windows-ix86+x86_64 0.3.3 4.00 52.00 56.00 OK

Check Details

Version: 0.3.3
Check: LazyData
Result: NOTE
     'LazyData' is specified without a 'data' directory
Flavors: r-devel-linux-x86_64-debian-clang, r-devel-linux-x86_64-debian-gcc, r-devel-linux-x86_64-fedora-clang, r-devel-linux-x86_64-fedora-gcc, r-devel-windows-x86_64, r-devel-windows-x86_64-gcc10-UCRT, r-patched-linux-x86_64, r-patched-solaris-x86, r-release-linux-x86_64, r-release-macos-arm64, r-release-macos-x86_64, r-release-windows-ix86+x86_64