CRAN Package Check Results for Package longitudinalData

Last updated on 2021-08-04 13:53:04 CEST.

Flavor Version Tinstall Tcheck Ttotal Status Flags
r-devel-linux-x86_64-debian-clang 2.4.1 12.90 77.24 90.14 NOTE
r-devel-linux-x86_64-debian-gcc 2.4.1 10.52 60.54 71.06 NOTE
r-devel-linux-x86_64-fedora-clang 2.4.1 124.64 NOTE
r-devel-linux-x86_64-fedora-gcc 2.4.1 114.64 NOTE
r-devel-windows-x86_64 2.4.1 12.00 89.00 101.00 OK
r-devel-windows-x86_64-gcc10-UCRT 2.4.1 OK
r-patched-linux-x86_64 2.4.1 16.11 77.72 93.83 NOTE
r-patched-solaris-x86 2.4.1 140.50 NOTE
r-release-linux-x86_64 2.4.1 14.49 76.64 91.13 NOTE
r-release-macos-arm64 2.4.1 OK
r-release-macos-x86_64 2.4.1 OK
r-release-windows-ix86+x86_64 2.4.1 23.00 68.00 91.00 OK
r-oldrel-macos-x86_64 2.4.1 OK
r-oldrel-windows-ix86+x86_64 2.4.1 26.00 101.00 127.00 OK

Check Details

Version: 2.4.1
Check: for non-standard things in the check directory
Result: NOTE
    Found the following files/directories:
     'main.tex' 'scene.asy'
Flavors: r-devel-linux-x86_64-debian-clang, r-devel-linux-x86_64-debian-gcc, r-devel-linux-x86_64-fedora-clang, r-devel-linux-x86_64-fedora-gcc, r-patched-linux-x86_64, r-patched-solaris-x86, r-release-linux-x86_64