CRAN Package Check Results for Package logger

Last updated on 2023-06-09 00:54:26 CEST.

Flavor Version Tinstall Tcheck Ttotal Status Flags
r-devel-linux-x86_64-debian-clang 0.2.2 3.47 59.74 63.21 OK
r-devel-linux-x86_64-debian-gcc 0.2.2 2.25 46.75 49.00 OK
r-devel-linux-x86_64-fedora-clang 0.2.2 79.25 OK
r-devel-linux-x86_64-fedora-gcc 0.2.2 90.73 OK
r-devel-windows-x86_64 0.2.2 8.00 83.00 91.00 NOTE
r-patched-linux-x86_64 0.2.2 4.86 57.55 62.41 OK
r-release-linux-x86_64 0.2.2 3.36 57.03 60.39 OK
r-release-macos-arm64 0.2.2 43.00 OK
r-release-macos-x86_64 0.2.2 62.00 OK
r-release-windows-x86_64 0.2.2 6.00 89.00 95.00 NOTE
r-oldrel-macos-arm64 0.2.2 36.00 OK
r-oldrel-macos-x86_64 0.2.2 43.00 OK
r-oldrel-windows-x86_64 0.2.2 6.00 85.00 91.00 NOTE

Check Details

Version: 0.2.2
Check: package dependencies
Result: NOTE
    Package suggested but not available for checking: 'rsyslog'
Flavors: r-devel-windows-x86_64, r-release-windows-x86_64, r-oldrel-windows-x86_64