CRAN Package Check Results for Package logger

Last updated on 2021-06-21 22:57:03 CEST.

Flavor Version Tinstall Tcheck Ttotal Status Flags
r-devel-linux-x86_64-debian-clang 0.2.0 3.24 51.72 54.96 OK
r-devel-linux-x86_64-debian-gcc 0.2.0 2.55 40.22 42.77 OK
r-devel-linux-x86_64-fedora-clang 0.2.0 74.99 OK
r-devel-linux-x86_64-fedora-gcc 0.2.0 67.62 OK
r-devel-windows-x86_64 0.2.0 6.00 63.00 69.00 NOTE
r-devel-windows-x86_64-gcc10-UCRT 0.2.0 NOTE
r-patched-linux-x86_64 0.2.0 4.10 49.83 53.93 OK
r-patched-solaris-x86 0.2.0 91.70 OK
r-release-linux-x86_64 0.2.0 3.14 50.13 53.27 OK
r-release-macos-arm64 0.2.0 OK
r-release-macos-x86_64 0.2.0 OK
r-release-windows-ix86+x86_64 0.2.0 7.00 79.00 86.00 NOTE
r-oldrel-macos-x86_64 0.2.0 OK

Check Details

Version: 0.2.0
Check: package dependencies
Result: NOTE
    Package suggested but not available for checking: 'rsyslog'
Flavors: r-devel-windows-x86_64, r-release-windows-ix86+x86_64

Version: 0.2.0
Check: Rd cross-references
Result: NOTE
    Package unavailable to check Rd xrefs: 'rsyslog'
Flavors: r-devel-windows-x86_64, r-devel-windows-x86_64-gcc10-UCRT, r-release-windows-ix86+x86_64

Version: 0.2.0
Check: package dependencies
Result: NOTE
    Packages suggested but not available for checking:
     'slackr', 'RPushbullet', 'telegram', 'covr', 'devtools', 'rsyslog'
Flavor: r-devel-windows-x86_64-gcc10-UCRT