CRAN Package Check Results for Package locpolExpectile

Last updated on 2022-09-26 19:50:40 CEST.

Flavor Version Tinstall Tcheck Ttotal Status Flags
r-devel-linux-x86_64-debian-clang 0.1.1 17.76 162.67 180.43 OK
r-devel-linux-x86_64-debian-gcc 0.1.1 15.57 118.69 134.26 OK
r-devel-linux-x86_64-fedora-clang 0.1.1 233.44 NOTE
r-devel-linux-x86_64-fedora-gcc 0.1.1 218.61 NOTE
r-devel-windows-x86_64 0.1.1 60.00 208.00 268.00 OK
r-patched-linux-x86_64 0.1.1 14.16 151.17 165.33 OK
r-release-linux-x86_64 0.1.1 19.06 147.37 166.43 OK
r-release-macos-arm64 0.1.1 65.00 NOTE
r-release-macos-x86_64 0.1.1 125.00 NOTE
r-release-windows-x86_64 0.1.1 70.00 215.00 285.00 OK
r-oldrel-macos-arm64 0.1.1 68.00 NOTE
r-oldrel-macos-x86_64 0.1.1 79.00 NOTE
r-oldrel-windows-ix86+x86_64 0.1.1 55.00 194.00 249.00 OK

Check Details

Version: 0.1.1
Check: dependencies in R code
Result: NOTE
    Namespace in Imports field not imported from: ‘lestat’
     All declared Imports should be used.
Flavors: r-devel-linux-x86_64-fedora-clang, r-devel-linux-x86_64-fedora-gcc, r-release-macos-arm64, r-release-macos-x86_64, r-oldrel-macos-arm64, r-oldrel-macos-x86_64