CRAN Package Check Results for Package localScore

Last updated on 2021-11-26 19:52:55 CET.

Flavor Version Tinstall Tcheck Ttotal Status Flags
r-devel-linux-x86_64-debian-clang 1.0.6 58.31 140.32 198.63 OK
r-devel-linux-x86_64-debian-gcc 1.0.6 45.94 104.96 150.90 OK
r-devel-linux-x86_64-fedora-clang 1.0.6 269.83 NOTE
r-devel-linux-x86_64-fedora-gcc 1.0.6 262.12 OK
r-devel-windows-x86_64-new-UL 1.0.6 80.00 268.00 348.00 OK
r-devel-windows-x86_64-new-TK 1.0.6 OK
r-devel-windows-x86_64-old 1.0.6 56.00 214.00 270.00 OK
r-patched-linux-x86_64 1.0.6 54.22 137.13 191.35 OK
r-patched-solaris-x86 1.0.6 126.60 OK
r-release-linux-x86_64 1.0.6 OK
r-release-macos-arm64 1.0.6 NOTE
r-release-macos-x86_64 1.0.6 NOTE
r-release-windows-ix86+x86_64 1.0.6 134.00 178.00 312.00 OK
r-oldrel-macos-x86_64 1.0.6 NOTE
r-oldrel-windows-ix86+x86_64 1.0.6 115.00 215.00 330.00 OK

Check Details

Version: 1.0.6
Check: installed package size
Result: NOTE
     installed size is 17.5Mb
     sub-directories of 1Mb or more:
     libs 16.9Mb
Flavors: r-devel-linux-x86_64-fedora-clang, r-release-macos-arm64, r-release-macos-x86_64, r-oldrel-macos-x86_64