Last updated on 2025-01-15 21:48:26 CET.
Flavor | Version | Tinstall | Tcheck | Ttotal | Status | Flags |
---|---|---|---|---|---|---|
r-devel-linux-x86_64-debian-clang | 0.1.0 | 1.93 | 27.38 | 29.31 | OK | |
r-devel-linux-x86_64-debian-gcc | 0.1.0 | 1.33 | 20.29 | 21.62 | OK | |
r-devel-linux-x86_64-fedora-clang | 0.1.0 | 47.21 | NOTE | |||
r-devel-linux-x86_64-fedora-gcc | 0.1.0 | 45.64 | NOTE | |||
r-devel-windows-x86_64 | 0.1.0 | 3.00 | 53.00 | 56.00 | OK | |
r-patched-linux-x86_64 | 0.1.0 | 1.15 | 26.15 | 27.30 | NOTE | |
r-release-linux-x86_64 | 0.1.0 | 1.69 | 26.07 | 27.76 | NOTE | |
r-release-macos-arm64 | 0.1.0 | 20.00 | NOTE | |||
r-release-macos-x86_64 | 0.1.0 | 26.00 | NOTE | |||
r-release-windows-x86_64 | 0.1.0 | 3.00 | 54.00 | 57.00 | NOTE | |
r-oldrel-macos-arm64 | 0.1.0 | 20.00 | NOTE | |||
r-oldrel-macos-x86_64 | 0.1.0 | 26.00 | NOTE | |||
r-oldrel-windows-x86_64 | 0.1.0 | 4.00 | 54.00 | 58.00 | NOTE |
Version: 0.1.0
Check: dependencies in R code
Result: NOTE
Namespace in Imports field not imported from: ‘mnormt’
All declared Imports should be used.
Flavors: r-devel-linux-x86_64-fedora-clang, r-devel-linux-x86_64-fedora-gcc
Version: 0.1.0
Check: LazyData
Result: NOTE
'LazyData' is specified without a 'data' directory
Flavors: r-patched-linux-x86_64, r-release-linux-x86_64, r-release-macos-arm64, r-release-macos-x86_64, r-release-windows-x86_64, r-oldrel-macos-arm64, r-oldrel-macos-x86_64, r-oldrel-windows-x86_64