CRAN Package Check Results for Package live

Last updated on 2022-09-30 00:49:18 CEST.

Flavor Version Tinstall Tcheck Ttotal Status Flags
r-devel-linux-x86_64-debian-clang 1.5.13 14.69 188.25 202.94 OK
r-devel-linux-x86_64-debian-gcc 1.5.13 10.33 134.54 144.87 OK
r-devel-linux-x86_64-fedora-clang 1.5.13 263.75 NOTE
r-devel-linux-x86_64-fedora-gcc 1.5.13 256.56 NOTE
r-devel-windows-x86_64 1.5.13 20.00 210.00 230.00 OK
r-patched-linux-x86_64 1.5.13 9.86 172.14 182.00 OK
r-release-linux-x86_64 1.5.13 9.20 171.95 181.15 OK
r-release-macos-arm64 1.5.13 62.00 NOTE
r-release-macos-x86_64 1.5.13 101.00 NOTE
r-release-windows-x86_64 1.5.13 24.00 204.00 228.00 OK
r-oldrel-macos-arm64 1.5.13 91.00 NOTE
r-oldrel-macos-x86_64 1.5.13 112.00 NOTE
r-oldrel-windows-ix86+x86_64 1.5.13 32.00 203.00 235.00 OK

Check Details

Version: 1.5.13
Check: dependencies in R code
Result: NOTE
    Namespace in Imports field not imported from: ‘e1071’
     All declared Imports should be used.
Flavors: r-devel-linux-x86_64-fedora-clang, r-devel-linux-x86_64-fedora-gcc, r-release-macos-arm64, r-release-macos-x86_64, r-oldrel-macos-arm64, r-oldrel-macos-x86_64

Version: 1.5.13
Check: package dependencies
Result: NOTE
    Package suggested but not available for checking: ‘RWeka’
Flavor: r-release-macos-x86_64