CRAN Package Check Results for Package listviewer

Last updated on 2021-06-14 07:48:41 CEST.

Flavor Version Tinstall Tcheck Ttotal Status Flags
r-devel-linux-x86_64-debian-clang 3.0.0 2.36 26.01 28.37 NOTE
r-devel-linux-x86_64-debian-gcc 3.0.0 2.03 20.73 22.76 NOTE
r-devel-linux-x86_64-fedora-clang 3.0.0 42.92 NOTE
r-devel-linux-x86_64-fedora-gcc 3.0.0 32.77 NOTE
r-devel-windows-x86_64 3.0.0 5.00 43.00 48.00 NOTE
r-devel-windows-x86_64-gcc10-UCRT 3.0.0 NOTE
r-patched-linux-x86_64 3.0.0 2.44 25.47 27.91 NOTE
r-patched-solaris-x86 3.0.0 52.70 NOTE
r-release-linux-x86_64 3.0.0 1.95 25.48 27.43 NOTE
r-release-macos-arm64 3.0.0 NOTE
r-release-macos-x86_64 3.0.0 NOTE
r-release-windows-ix86+x86_64 3.0.0 6.00 43.00 49.00 NOTE
r-oldrel-macos-x86_64 3.0.0 OK
r-oldrel-windows-ix86+x86_64 3.0.0 24.00 42.00 66.00 OK

Check Details

Version: 3.0.0
Check: LazyData
Result: NOTE
     'LazyData' is specified without a 'data' directory
Flavors: r-devel-linux-x86_64-debian-clang, r-devel-linux-x86_64-debian-gcc, r-devel-linux-x86_64-fedora-clang, r-devel-linux-x86_64-fedora-gcc, r-devel-windows-x86_64, r-devel-windows-x86_64-gcc10-UCRT, r-patched-linux-x86_64, r-patched-solaris-x86, r-release-linux-x86_64, r-release-macos-arm64, r-release-macos-x86_64, r-release-windows-ix86+x86_64