CRAN Package Check Results for Package listviewer

Last updated on 2022-09-25 12:56:01 CEST.

Flavor Version Tinstall Tcheck Ttotal Status Flags
r-devel-linux-x86_64-debian-clang 3.0.0 2.15 30.88 33.03 NOTE
r-devel-linux-x86_64-debian-gcc 3.0.0 2.54 24.49 27.03 NOTE
r-devel-linux-x86_64-fedora-clang 3.0.0 52.18 NOTE
r-devel-linux-x86_64-fedora-gcc 3.0.0 50.48 NOTE
r-devel-windows-x86_64 3.0.0 40.00 66.00 106.00 NOTE
r-patched-linux-x86_64 3.0.0 2.90 29.60 32.50 NOTE
r-release-linux-x86_64 3.0.0 2.69 29.23 31.92 NOTE
r-release-macos-arm64 3.0.0 14.00 NOTE
r-release-macos-x86_64 3.0.0 31.00 NOTE
r-release-windows-x86_64 3.0.0 5.00 61.00 66.00 NOTE
r-oldrel-macos-arm64 3.0.0 22.00 NOTE
r-oldrel-macos-x86_64 3.0.0 28.00 NOTE
r-oldrel-windows-ix86+x86_64 3.0.0 9.00 57.00 66.00 NOTE

Check Details

Version: 3.0.0
Check: LazyData
Result: NOTE
     'LazyData' is specified without a 'data' directory
Flavors: r-devel-linux-x86_64-debian-clang, r-devel-linux-x86_64-debian-gcc, r-devel-linux-x86_64-fedora-clang, r-devel-linux-x86_64-fedora-gcc, r-devel-windows-x86_64, r-patched-linux-x86_64, r-release-linux-x86_64, r-release-macos-arm64, r-release-macos-x86_64, r-release-windows-x86_64, r-oldrel-macos-arm64, r-oldrel-macos-x86_64, r-oldrel-windows-ix86+x86_64