CRAN Package Check Results for Package lira

Last updated on 2021-09-20 01:48:49 CEST.

Flavor Version Tinstall Tcheck Ttotal Status Flags
r-devel-linux-x86_64-debian-clang 2.0.1 3.62 27.92 31.54 OK
r-devel-linux-x86_64-debian-gcc 2.0.1 2.64 21.26 23.90 OK
r-devel-linux-x86_64-fedora-clang 2.0.1 45.42 OK
r-devel-linux-x86_64-fedora-gcc 2.0.1 34.66 OK
r-devel-windows-x86_64 2.0.1 5.00 35.00 40.00 OK
r-devel-windows-x86_64-gcc10-UCRT 2.0.1 ERROR
r-patched-linux-x86_64 2.0.1 3.23 26.36 29.59 OK
r-patched-solaris-x86 2.0.1 61.00 OK
r-release-linux-x86_64 2.0.1 3.05 26.65 29.70 OK
r-release-macos-arm64 2.0.1 OK
r-release-macos-x86_64 2.0.1 OK
r-release-windows-ix86+x86_64 2.0.1 6.00 34.00 40.00 OK
r-oldrel-macos-x86_64 2.0.1 OK
r-oldrel-windows-ix86+x86_64 2.0.1 7.00 33.00 40.00 OK

Check Details

Version: 2.0.1
Check: whether package can be installed
Result: WARN
    Found the following significant warnings:
     WARNING: installation-time patches will not be applied, could not get the patches index
Flavor: r-devel-windows-x86_64-gcc10-UCRT

Version: 2.0.1
Check: PDF version of manual
Result: WARN
    LaTeX errors when creating PDF version.
    This typically indicates Rd problems.
Flavor: r-devel-windows-x86_64-gcc10-UCRT

Version: 2.0.1
Check: PDF version of manual without hyperrefs or index
Result: ERROR
    Re-running with no redirection of stdout/stderr.
Flavor: r-devel-windows-x86_64-gcc10-UCRT