CRAN Package Check Results for Package linne

Last updated on 2022-09-27 21:53:53 CEST.

Flavor Version Tinstall Tcheck Ttotal Status Flags
r-devel-linux-x86_64-debian-clang 0.0.2 4.72 49.61 54.33 NOTE
r-devel-linux-x86_64-debian-gcc 0.0.2 2.90 38.59 41.49 NOTE
r-devel-linux-x86_64-fedora-clang 0.0.2 79.05 NOTE
r-devel-linux-x86_64-fedora-gcc 0.0.2 75.84 NOTE
r-devel-windows-x86_64 0.0.2 22.00 89.00 111.00 NOTE
r-patched-linux-x86_64 0.0.2 3.82 48.48 52.30 NOTE
r-release-linux-x86_64 0.0.2 4.96 47.98 52.94 NOTE
r-release-macos-arm64 0.0.2 26.00 NOTE
r-release-macos-x86_64 0.0.2 50.00 NOTE
r-release-windows-x86_64 0.0.2 20.00 94.00 114.00 NOTE
r-oldrel-macos-arm64 0.0.2 31.00 NOTE
r-oldrel-macos-x86_64 0.0.2 46.00 NOTE
r-oldrel-windows-ix86+x86_64 0.0.2 12.00 83.00 95.00 NOTE

Check Details

Version: 0.0.2
Check: LazyData
Result: NOTE
     'LazyData' is specified without a 'data' directory
Flavors: r-devel-linux-x86_64-debian-clang, r-devel-linux-x86_64-debian-gcc, r-devel-linux-x86_64-fedora-clang, r-devel-linux-x86_64-fedora-gcc, r-devel-windows-x86_64, r-patched-linux-x86_64, r-release-linux-x86_64, r-release-macos-arm64, r-release-macos-x86_64, r-release-windows-x86_64, r-oldrel-macos-arm64, r-oldrel-macos-x86_64, r-oldrel-windows-ix86+x86_64

Version: 0.0.2
Check: dependencies in R code
Result: NOTE
    Namespace in Imports field not imported from: ‘R6’
     All declared Imports should be used.
Flavors: r-devel-linux-x86_64-fedora-clang, r-devel-linux-x86_64-fedora-gcc, r-release-macos-arm64, r-release-macos-x86_64, r-oldrel-macos-arm64, r-oldrel-macos-x86_64