CRAN Package Check Results for Package linguisticsdown

Last updated on 2021-06-23 22:54:20 CEST.

Flavor Version Tinstall Tcheck Ttotal Status Flags
r-devel-linux-x86_64-debian-clang 1.2.0 3.78 36.48 40.26 NOTE
r-devel-linux-x86_64-debian-gcc 1.2.0 3.09 28.79 31.88 NOTE
r-devel-linux-x86_64-fedora-clang 1.2.0 57.19 NOTE
r-devel-linux-x86_64-fedora-gcc 1.2.0 46.77 NOTE
r-devel-windows-x86_64 1.2.0 7.00 43.00 50.00 NOTE
r-devel-windows-x86_64-gcc10-UCRT 1.2.0 NOTE
r-patched-linux-x86_64 1.2.0 3.88 35.61 39.49 NOTE
r-patched-solaris-x86 1.2.0 75.30 NOTE
r-release-linux-x86_64 1.2.0 3.33 35.24 38.57 NOTE
r-release-macos-arm64 1.2.0 NOTE
r-release-macos-x86_64 1.2.0 NOTE
r-release-windows-ix86+x86_64 1.2.0 7.00 40.00 47.00 NOTE
r-oldrel-macos-x86_64 1.2.0 OK

Check Details

Version: 1.2.0
Check: LazyData
Result: NOTE
     'LazyData' is specified without a 'data' directory
Flavors: r-devel-linux-x86_64-debian-clang, r-devel-linux-x86_64-debian-gcc, r-devel-linux-x86_64-fedora-clang, r-devel-linux-x86_64-fedora-gcc, r-devel-windows-x86_64, r-devel-windows-x86_64-gcc10-UCRT, r-patched-linux-x86_64, r-patched-solaris-x86, r-release-linux-x86_64, r-release-macos-arm64, r-release-macos-x86_64, r-release-windows-ix86+x86_64

Version: 1.2.0
Check: package dependencies
Result: NOTE
    Package suggested but not available for checking: 'pkgdown'
Flavor: r-devel-windows-x86_64-gcc10-UCRT