CRAN Package Check Results for Package lingtypology

Last updated on 2021-06-24 01:50:25 CEST.

Flavor Version Tinstall Tcheck Ttotal Status Flags
r-devel-linux-x86_64-debian-clang 1.1.5 9.13 87.74 96.87 OK
r-devel-linux-x86_64-debian-gcc 1.1.5 6.41 68.24 74.65 OK
r-devel-linux-x86_64-fedora-clang 1.1.5 124.07 NOTE
r-devel-linux-x86_64-fedora-gcc 1.1.5 111.29 NOTE
r-devel-windows-x86_64 1.1.5 12.00 103.00 115.00 OK
r-devel-windows-x86_64-gcc10-UCRT 1.1.5 NOTE
r-patched-linux-x86_64 1.1.5 13.71 82.34 96.05 OK
r-patched-solaris-x86 1.1.5 160.80 NOTE
r-release-linux-x86_64 1.1.5 6.72 83.09 89.81 OK
r-release-macos-arm64 1.1.4 ERROR
r-release-macos-x86_64 1.1.5 NOTE
r-release-windows-ix86+x86_64 1.1.5 12.00 96.00 108.00 OK
r-oldrel-macos-x86_64 1.1.5 NOTE

Check Details

Version: 1.1.5
Check: Rd cross-references
Result: NOTE
    Undeclared package ‘magrittr’ in Rd xrefs
Flavor: r-devel-linux-x86_64-fedora-clang

Version: 1.1.5
Check: data for non-ASCII characters
Result: NOTE
     Note: found 58573 marked UTF-8 strings
Flavors: r-devel-linux-x86_64-fedora-clang, r-devel-linux-x86_64-fedora-gcc, r-devel-windows-x86_64-gcc10-UCRT, r-patched-solaris-x86, r-release-macos-x86_64, r-oldrel-macos-x86_64

Version: 1.1.5
Check: package dependencies
Result: NOTE
    Package suggested but not available for checking: 'covr'
Flavor: r-devel-windows-x86_64-gcc10-UCRT

Version: 1.1.4
Check: package dependencies
Result: NOTE
    Package suggested but not available for checking: ‘rgdal’
Flavor: r-release-macos-arm64

Version: 1.1.4
Check: data for non-ASCII characters
Result: NOTE
     Note: found 1544 marked UTF-8 strings
Flavor: r-release-macos-arm64

Version: 1.1.4
Check: examples
Result: ERROR
    Running examples in ‘lingtypology-Ex.R’ failed
    The error most likely occurred in:
    
    > ### Name: ggmap.feature
    > ### Title: Create a map with ggplot2
    > ### Aliases: ggmap.feature
    >
    > ### ** Examples
    >
    > ggmap.feature(c("Adyghe", "Russian"))
    Warning in ggmap.feature(c("Adyghe", "Russian")) :
     Install packages ggplot2 and rgdal:
     install.packages(c("ggplot2", "rgdal"))
    Error in loadNamespace(x) : there is no package called ‘rgdal’
    Calls: ggmap.feature ... loadNamespace -> withRestarts -> withOneRestart -> doWithOneRestart
    Execution halted
Flavor: r-release-macos-arm64