Last updated on 2023-02-03 12:56:04 CET.
Flavor | Version | Tinstall | Tcheck | Ttotal | Status | Flags |
---|---|---|---|---|---|---|
r-devel-linux-x86_64-debian-clang | 1.1.11 | 8.42 | 98.08 | 106.50 | OK | |
r-devel-linux-x86_64-debian-gcc | 1.1.11 | 7.22 | 73.81 | 81.03 | OK | |
r-devel-linux-x86_64-fedora-clang | 1.1.11 | 128.56 | NOTE | |||
r-devel-linux-x86_64-fedora-gcc | 1.1.11 | 137.06 | NOTE | |||
r-devel-windows-x86_64 | 1.1.11 | 79.00 | 173.00 | 252.00 | OK | |
r-patched-linux-x86_64 | 1.1.11 | 15.10 | 92.02 | 107.12 | OK | |
r-release-linux-x86_64 | 1.1.11 | 7.70 | 89.06 | 96.76 | OK | |
r-release-macos-arm64 | 1.1.11 | 54.00 | OK | |||
r-release-macos-x86_64 | 1.1.11 | 66.00 | OK | |||
r-release-windows-x86_64 | 1.1.11 | 89.00 | 173.00 | 262.00 | OK | |
r-oldrel-macos-arm64 | 1.1.11 | 56.00 | OK | |||
r-oldrel-macos-x86_64 | 1.1.11 | 75.00 | OK | |||
r-oldrel-windows-ix86+x86_64 | 1.1.11 | 17.00 | 157.00 | 174.00 | OK |
Version: 1.1.11
Check: Rd cross-references
Result: NOTE
Undeclared package ‘magrittr’ in Rd xrefs
Flavor: r-devel-linux-x86_64-fedora-clang
Version: 1.1.11
Check: data for non-ASCII characters
Result: NOTE
Note: found 60640 marked UTF-8 strings
Flavors: r-devel-linux-x86_64-fedora-clang, r-devel-linux-x86_64-fedora-gcc