CRAN Package Check Results for Package liminal

Last updated on 2022-10-02 12:55:57 CEST.

Flavor Version Tinstall Tcheck Ttotal Status Flags
r-devel-linux-x86_64-debian-clang 0.1.2 7.27 92.74 100.01 OK
r-devel-linux-x86_64-debian-gcc 0.1.2 4.80 71.04 75.84 OK
r-devel-linux-x86_64-fedora-clang 0.1.2 131.95 NOTE
r-devel-linux-x86_64-fedora-gcc 0.1.2 130.73 OK
r-devel-windows-x86_64 0.1.2 24.00 135.00 159.00 OK
r-patched-linux-x86_64 0.1.2 10.23 90.26 100.49 OK
r-release-linux-x86_64 0.1.2 5.89 92.08 97.97 OK
r-release-macos-arm64 0.1.2 43.00 OK
r-release-macos-x86_64 0.1.2 75.00 OK
r-release-windows-x86_64 0.1.2 21.00 132.00 153.00 OK
r-oldrel-macos-arm64 0.1.2 59.00 OK
r-oldrel-macos-x86_64 0.1.2 62.00 OK
r-oldrel-windows-ix86+x86_64 0.1.2 15.00 128.00 143.00 OK

Check Details

Version: 0.1.2
Check: Rd cross-references
Result: NOTE
    Undeclared package ‘tidyselect’ in Rd xrefs
Flavor: r-devel-linux-x86_64-fedora-clang