CRAN Package Check Results for Package lillies

Last updated on 2021-11-26 19:52:55 CET.

Flavor Version Tinstall Tcheck Ttotal Status Flags
r-devel-linux-x86_64-debian-clang 0.2.9 4.29 79.25 83.54 OK
r-devel-linux-x86_64-debian-gcc 0.2.9 2.96 64.53 67.49 OK
r-devel-linux-x86_64-fedora-clang 0.2.9 111.74 NOTE
r-devel-linux-x86_64-fedora-gcc 0.2.9 104.82 NOTE
r-devel-windows-x86_64-new-UL 0.2.9 12.00 136.00 148.00 OK
r-devel-windows-x86_64-new-TK 0.2.9 NOTE
r-devel-windows-x86_64-old 0.2.9 8.00 108.00 116.00 OK
r-patched-linux-x86_64 0.2.9 5.26 76.60 81.86 OK
r-patched-solaris-x86 0.2.9 142.00 NOTE
r-release-linux-x86_64 0.2.9 OK
r-release-macos-arm64 0.2.9 NOTE
r-release-macos-x86_64 0.2.9 NOTE
r-release-windows-ix86+x86_64 0.2.9 10.00 79.00 89.00 OK
r-oldrel-macos-x86_64 0.2.9 NOTE
r-oldrel-windows-ix86+x86_64 0.2.9 10.00 105.00 115.00 OK

Check Details

Version: 0.2.9
Check: dependencies in R code
Result: NOTE
    Namespace in Imports field not imported from: ‘ddpcr’
     All declared Imports should be used.
Flavors: r-devel-linux-x86_64-fedora-clang, r-devel-linux-x86_64-fedora-gcc, r-devel-windows-x86_64-new-TK, r-patched-solaris-x86, r-release-macos-arm64, r-release-macos-x86_64, r-oldrel-macos-x86_64