CRAN Package Check Results for Package lifecontingencies

Last updated on 2023-02-08 06:56:29 CET.

Flavor Version Tinstall Tcheck Ttotal Status Flags
r-devel-linux-x86_64-debian-clang 1.3.9 39.46 351.87 391.33 OK
r-devel-linux-x86_64-debian-gcc 1.3.9 25.92 257.75 283.67 OK
r-devel-linux-x86_64-fedora-clang 1.3.9 501.88 ERROR
r-devel-linux-x86_64-fedora-gcc 1.3.9 479.84 OK
r-devel-windows-x86_64 1.3.9 325.00 497.00 822.00 OK
r-patched-linux-x86_64 1.3.9 30.82 343.06 373.88 OK
r-release-linux-x86_64 1.3.9 30.00 330.74 360.74 OK
r-release-macos-arm64 1.3.9 168.00 OK
r-release-macos-x86_64 1.3.9 208.00 OK
r-release-windows-x86_64 1.3.9 484.00 507.00 991.00 OK
r-oldrel-macos-arm64 1.3.9 142.00 OK
r-oldrel-macos-x86_64 1.3.9 194.00 OK
r-oldrel-windows-ix86+x86_64 1.3.9 76.00 689.00 765.00 OK

Additional issues

M1mac

Check Details

Version: 1.3.9
Check: re-building of vignette outputs
Result: ERROR
    Error(s) in re-building vignettes:
    --- re-building ‘an_introduction_to_lifecontingencies_package.Rnw’ using Sweave
    Package: lifecontingencies
    Authors: Giorgio Alfredo Spedicato [aut, cre]
     (<https://orcid.org/0000-0002-0315-8888>),
     Christophe Dutang [ctb] (<https://orcid.org/0000-0001-6732-1501>),
     Reinhold Kainhofer [ctb] (<https://orcid.org/0000-0002-7895-1311>),
     Kevin J Owens [ctb],
     Ernesto Schirmacher [ctb],
     Gian Paolo Clemente [ctb] (<https://orcid.org/0000-0001-6795-4595>),
     Ivan Williams [ctb]
    Version: 1.3.9
    Date: 2022-06-10 22:20:02 UTC
    BugReport: https://github.com/spedygiorgio/lifecontingencies/issues
    
    Loading required package: markovchain
    Package: markovchain
    Version: 0.9.1
    Date: 2023-01-20
    BugReport: https://github.com/spedygiorgio/markovchain/issues
    
    Loading required package: parallel
    --- finished re-building 'an_introduction_to_lifecontingencies_package.Rnw'
    
    --- re-building ‘PensionPlanVal.Rmd’ using rmarkdown
    Error reading bibliography file lifecontingenciesBiblio.bib:
    (line 446, column 1):
    unexpected end of input
    Error: processing vignette 'PensionPlanVal.Rmd' failed with diagnostics:
    pandoc document conversion failed with error 25
    --- failed re-building ‘PensionPlanVal.Rmd’
    
    --- re-building ‘compute-detail.Rmd’ using rmarkdown
    --- finished re-building ‘compute-detail.Rmd’
    
    --- re-building ‘pensionfunding.Rmd’ using rmarkdown
    Error reading bibliography file lifecontingenciesBiblio.bib:
    (line 446, column 1):
    unexpected end of input
    Error: processing vignette 'pensionfunding.Rmd' failed with diagnostics:
    pandoc document conversion failed with error 25
    --- failed re-building ‘pensionfunding.Rmd’
    
    SUMMARY: processing the following files failed:
     ‘PensionPlanVal.Rmd’ ‘pensionfunding.Rmd’
    
    Error: Vignette re-building failed.
    Execution halted
Flavor: r-devel-linux-x86_64-fedora-clang