CRAN Package Check Results for Package lgpr

Last updated on 2022-10-04 12:53:42 CEST.

Flavor Version Tinstall Tcheck Ttotal Status Flags
r-devel-linux-x86_64-debian-clang 1.1.5 461.71 233.99 695.70 NOTE
r-devel-linux-x86_64-debian-gcc 1.1.5 401.17 191.50 592.67 NOTE
r-devel-linux-x86_64-fedora-clang 1.1.5 885.21 NOTE
r-devel-linux-x86_64-fedora-gcc 1.1.5 1000.25 NOTE
r-devel-windows-x86_64 1.1.5 337.00 308.00 645.00 NOTE
r-patched-linux-x86_64 1.1.5 367.11 241.26 608.37 NOTE
r-release-linux-x86_64 1.1.5 335.94 247.25 583.19 NOTE
r-release-macos-arm64 1.1.5 239.00 NOTE
r-release-macos-x86_64 1.1.5 385.00 NOTE
r-release-windows-x86_64 1.1.5 388.00 298.00 686.00 NOTE
r-oldrel-macos-arm64 1.1.5 255.00 NOTE
r-oldrel-macos-x86_64 1.1.5 282.00 NOTE
r-oldrel-windows-ix86+x86_64 1.1.5 994.00 470.00 1464.00 NOTE

Check Details

Version: 1.1.5
Check: for GNU extensions in Makefiles
Result: NOTE
    GNU make is a SystemRequirements.
Flavors: r-devel-linux-x86_64-debian-clang, r-devel-linux-x86_64-debian-gcc, r-devel-linux-x86_64-fedora-clang, r-devel-linux-x86_64-fedora-gcc, r-devel-windows-x86_64, r-patched-linux-x86_64, r-release-linux-x86_64, r-release-macos-arm64, r-release-macos-x86_64, r-release-windows-x86_64, r-oldrel-macos-arm64, r-oldrel-macos-x86_64, r-oldrel-windows-ix86+x86_64

Version: 1.1.5
Check: installed package size
Result: NOTE
     installed size is 6.2Mb
     sub-directories of 1Mb or more:
     libs 5.0Mb
Flavors: r-devel-linux-x86_64-fedora-clang, r-devel-windows-x86_64, r-release-macos-arm64, r-release-macos-x86_64, r-release-windows-x86_64, r-oldrel-macos-arm64, r-oldrel-macos-x86_64, r-oldrel-windows-ix86+x86_64