CRAN Package Check Results for Package lgcp

Last updated on 2021-06-18 13:51:49 CEST.

Flavor Version Tinstall Tcheck Ttotal Status Flags
r-devel-linux-x86_64-debian-clang 1.7 50.50 363.04 413.54 OK
r-devel-linux-x86_64-debian-gcc 1.7 37.79 268.58 306.37 OK
r-devel-linux-x86_64-fedora-clang 1.7 519.85 NOTE
r-devel-linux-x86_64-fedora-gcc 1.7 508.44 NOTE
r-devel-windows-x86_64 1.7 70.00 401.00 471.00 OK
r-devel-windows-x86_64-gcc10-UCRT 1.7 NOTE
r-patched-linux-x86_64 1.7 58.95 342.03 400.98 OK
r-patched-solaris-x86 1.7 556.10 NOTE
r-release-linux-x86_64 1.7 46.63 342.82 389.45 OK
r-release-macos-arm64 1.7 ERROR
r-release-macos-x86_64 1.7 ERROR
r-release-windows-ix86+x86_64 1.7 85.00 407.00 492.00 OK
r-oldrel-macos-x86_64 1.7 ERROR
r-oldrel-windows-ix86+x86_64 1.7 67.00 360.00 427.00 OK

Check Details

Version: 1.7
Check: dependencies in R code
Result: NOTE
    Namespace in Imports field not imported from: ‘spatstat’
     All declared Imports should be used.
Flavors: r-devel-linux-x86_64-fedora-clang, r-devel-linux-x86_64-fedora-gcc, r-devel-windows-x86_64-gcc10-UCRT, r-patched-solaris-x86

Version: 1.7
Check: package dependencies
Result: ERROR
    Package required but not available: ‘rpanel’
    
    See section ‘The DESCRIPTION file’ in the ‘Writing R Extensions’
    manual.
Flavors: r-release-macos-arm64, r-release-macos-x86_64, r-oldrel-macos-x86_64