CRAN Package Check Results for Package lfl

Last updated on 2024-02-25 21:49:37 CET.

Flavor Version Tinstall Tcheck Ttotal Status Flags
r-devel-linux-x86_64-debian-clang 2.2.0 80.66 146.66 227.32 NOTE
r-devel-linux-x86_64-debian-gcc 2.2.0 63.87 106.91 170.78 NOTE
r-devel-linux-x86_64-fedora-clang 2.2.0 314.20 NOTE
r-devel-linux-x86_64-fedora-gcc 2.2.0 308.74 NOTE
r-devel-windows-x86_64 2.2.0 64.00 159.00 223.00 NOTE
r-patched-linux-x86_64 2.2.0 58.56 139.59 198.15 NOTE
r-release-linux-x86_64 2.2.0 58.03 141.60 199.63 NOTE
r-release-macos-arm64 2.2.0 88.00 NOTE
r-release-macos-x86_64 2.2.0 135.00 NOTE
r-release-windows-x86_64 2.2.0 81.00 185.00 266.00 NOTE
r-oldrel-macos-arm64 2.2.0 78.00 OK
r-oldrel-windows-x86_64 2.2.0 78.00 168.00 246.00 NOTE

Check Details

Version: 2.2.0
Check: C++ specification
Result: NOTE Specified C++11: please drop specification unless essential Flavors: r-devel-linux-x86_64-debian-clang, r-devel-linux-x86_64-debian-gcc, r-devel-linux-x86_64-fedora-clang, r-devel-linux-x86_64-fedora-gcc, r-devel-windows-x86_64, r-patched-linux-x86_64, r-release-linux-x86_64, r-release-macos-arm64, r-release-macos-x86_64, r-release-windows-x86_64

Version: 2.2.0
Check: package dependencies
Result: NOTE Package suggested but not available for checking: 'doMC' Flavors: r-devel-windows-x86_64, r-release-windows-x86_64, r-oldrel-windows-x86_64