CRAN Package Check Results for Package leri

Last updated on 2021-08-01 13:49:39 CEST.

Flavor Version Tinstall Tcheck Ttotal Status Flags
r-devel-linux-x86_64-debian-clang 0.0.1 1.99 26.89 28.88 NOTE
r-devel-linux-x86_64-debian-gcc 0.0.1 1.62 21.44 23.06 NOTE
r-devel-linux-x86_64-fedora-clang 0.0.1 44.51 NOTE
r-devel-linux-x86_64-fedora-gcc 0.0.1 34.91 NOTE
r-devel-windows-x86_64 0.0.1 3.00 42.00 45.00 NOTE
r-devel-windows-x86_64-gcc10-UCRT 0.0.1 NOTE
r-patched-linux-x86_64 0.0.1 NOTE
r-patched-solaris-x86 0.0.1 52.80 NOTE
r-release-linux-x86_64 0.0.1 2.06 26.82 28.88 NOTE
r-release-macos-arm64 0.0.1 NOTE
r-release-macos-x86_64 0.0.1 NOTE
r-release-windows-ix86+x86_64 0.0.1 5.00 50.00 55.00 NOTE
r-oldrel-macos-x86_64 0.0.1 OK
r-oldrel-windows-ix86+x86_64 0.0.1 5.00 43.00 48.00 OK

Check Details

Version: 0.0.1
Check: LazyData
Result: NOTE
     'LazyData' is specified without a 'data' directory
Flavors: r-devel-linux-x86_64-debian-clang, r-devel-linux-x86_64-debian-gcc, r-devel-linux-x86_64-fedora-clang, r-devel-linux-x86_64-fedora-gcc, r-devel-windows-x86_64, r-devel-windows-x86_64-gcc10-UCRT, r-patched-linux-x86_64, r-patched-solaris-x86, r-release-linux-x86_64, r-release-macos-arm64, r-release-macos-x86_64, r-release-windows-ix86+x86_64