CRAN Package Check Results for Package leastcostpath

Last updated on 2021-06-20 13:49:00 CEST.

Flavor Version Tinstall Tcheck Ttotal Status Flags
r-devel-linux-x86_64-debian-clang 1.8.0 16.70 231.73 248.43 NOTE
r-devel-linux-x86_64-debian-gcc 1.8.0 13.09 176.49 189.58 NOTE
r-devel-linux-x86_64-fedora-clang 1.8.0 286.84 NOTE
r-devel-linux-x86_64-fedora-gcc 1.8.0 281.31 NOTE
r-devel-windows-x86_64 1.8.0 24.00 265.00 289.00 NOTE
r-devel-windows-x86_64-gcc10-UCRT 1.8.0 NOTE
r-patched-linux-x86_64 1.8.0 16.16 221.73 237.89 NOTE
r-patched-solaris-x86 1.8.0 444.10 NOTE
r-release-linux-x86_64 1.8.0 15.44 221.05 236.49 NOTE
r-release-macos-arm64 1.8.0 NOTE
r-release-macos-x86_64 1.8.0 NOTE
r-release-windows-ix86+x86_64 1.8.0 36.00 261.00 297.00 NOTE
r-oldrel-macos-x86_64 1.8.0 OK
r-oldrel-windows-ix86+x86_64 1.8.0 30.00 273.00 303.00 OK

Check Details

Version: 1.8.0
Check: LazyData
Result: NOTE
     'LazyData' is specified without a 'data' directory
Flavors: r-devel-linux-x86_64-debian-clang, r-devel-linux-x86_64-debian-gcc, r-devel-linux-x86_64-fedora-clang, r-devel-linux-x86_64-fedora-gcc, r-devel-windows-x86_64, r-devel-windows-x86_64-gcc10-UCRT, r-patched-linux-x86_64, r-patched-solaris-x86, r-release-linux-x86_64, r-release-macos-arm64, r-release-macos-x86_64, r-release-windows-ix86+x86_64

Version: 1.8.0
Check: package dependencies
Result: NOTE
    Package suggested but not available for checking: ‘spdep’
Flavor: r-release-macos-arm64