CRAN Package Check Results for Package leafletR

Last updated on 2021-06-20 13:49:00 CEST.

Flavor Version Tinstall Tcheck Ttotal Status Flags
r-devel-linux-x86_64-debian-clang 0.4-0 4.15 32.26 36.41 OK
r-devel-linux-x86_64-debian-gcc 0.4-0 3.29 25.09 28.38 OK
r-devel-linux-x86_64-fedora-clang 0.4-0 52.82 OK
r-devel-linux-x86_64-fedora-gcc 0.4-0 41.70 OK
r-devel-windows-x86_64 0.4-0 7.00 51.00 58.00 OK
r-devel-windows-x86_64-gcc10-UCRT 0.4-0 NOTE
r-patched-linux-x86_64 0.4-0 3.63 31.49 35.12 OK
r-patched-solaris-x86 0.4-0 62.90 OK
r-release-linux-x86_64 0.4-0 3.07 31.28 34.35 OK
r-release-macos-arm64 0.4-0 NOTE
r-release-macos-x86_64 0.4-0 OK
r-release-windows-ix86+x86_64 0.4-0 7.00 47.00 54.00 OK
r-oldrel-macos-x86_64 0.4-0 OK
r-oldrel-windows-ix86+x86_64 0.4-0 6.00 54.00 60.00 OK

Check Details

Version: 0.4-0
Check: package dependencies
Result: NOTE
    Package suggested but not available for checking: 'httr'
Flavor: r-devel-windows-x86_64-gcc10-UCRT

Version: 0.4-0
Check: package dependencies
Result: NOTE
    Package suggested but not available for checking: ‘rgdal’
Flavor: r-release-macos-arm64