CRAN Package Check Results for Package leaflet.extras2

Last updated on 2021-06-19 01:50:24 CEST.

Flavor Version Tinstall Tcheck Ttotal Status Flags
r-devel-linux-x86_64-debian-clang 1.1.0 4.47 44.75 49.22 OK
r-devel-linux-x86_64-debian-gcc 1.1.0 3.62 34.84 38.46 OK
r-devel-linux-x86_64-fedora-clang 1.1.0 66.86 NOTE
r-devel-linux-x86_64-fedora-gcc 1.1.0 55.90 OK
r-devel-windows-x86_64 1.1.0 9.00 64.00 73.00 OK
r-devel-windows-x86_64-gcc10-UCRT 1.1.0 ERROR
r-patched-linux-x86_64 1.1.0 9.33 42.34 51.67 OK
r-patched-solaris-x86 1.1.0 85.40 OK
r-release-linux-x86_64 1.1.0 4.20 42.82 47.02 OK
r-release-macos-arm64 1.1.0 ERROR
r-release-macos-x86_64 1.1.0 OK
r-release-windows-ix86+x86_64 1.1.0 10.00 63.00 73.00 OK
r-oldrel-macos-x86_64 1.1.0 OK
r-oldrel-windows-ix86+x86_64 1.1.0 7.00 51.00 58.00 OK

Check Details

Version: 1.1.0
Check: Rd cross-references
Result: NOTE
    Undeclared package ‘htmlwidgets’ in Rd xrefs
Flavor: r-devel-linux-x86_64-fedora-clang

Version: 1.1.0
Check: package dependencies
Result: NOTE
    Package suggested but not available for checking: 'sf'
Flavors: r-devel-windows-x86_64-gcc10-UCRT, r-release-macos-arm64

Version: 1.1.0
Check: tests
Result: ERROR
     Running 'testthat.R'
    Running the tests in 'tests/testthat.R' failed.
    Last 13 lines of output:
     x
     1. +-`%>%`(...) test-playback.R:145:2
     2. \-leaflet.extras2::addPlayback(...)
     -- Error (test-timeslider.R:4:3): timeslider -----------------------------------
     Error: there is no package called 'sf'
     Backtrace:
     x
     1. \-base::loadNamespace(x) test-timeslider.R:4:2
     2. \-base::withRestarts(stop(cond), retry_loadNamespace = function() NULL)
     3. \-base:::withOneRestart(expr, restarts[[1L]])
     4. \-base:::doWithOneRestart(return(expr), restart)
    
     [ FAIL 3 | WARN 0 | SKIP 0 | PASS 140 ]
     Error: Test failures
     Execution halted
Flavor: r-devel-windows-x86_64-gcc10-UCRT

Version: 1.1.0
Check: tests
Result: ERROR
     Running ‘testthat.R’ [1s/2s]
    Running the tests in ‘tests/testthat.R’ failed.
    Last 13 lines of output:
     █
     1. ├─`%>%`(...) test-playback.R:145:2
     2. └─leaflet.extras2::addPlayback(...)
     ── Error (test-timeslider.R:4:3): timeslider ───────────────────────────────────
     Error: there is no package called 'sf'
     Backtrace:
     █
     1. └─base::loadNamespace(x) test-timeslider.R:4:2
     2. └─base::withRestarts(stop(cond), retry_loadNamespace = function() NULL)
     3. └─base:::withOneRestart(expr, restarts[[1L]])
     4. └─base:::doWithOneRestart(return(expr), restart)
    
     [ FAIL 3 | WARN 0 | SKIP 0 | PASS 140 ]
     Error: Test failures
     Execution halted
Flavor: r-release-macos-arm64