CRAN Package Check Results for Package leafgl

Last updated on 2021-06-16 07:49:53 CEST.

Flavor Version Tinstall Tcheck Ttotal Status Flags
r-devel-linux-x86_64-debian-clang 0.1.1 3.15 40.35 43.50 NOTE
r-devel-linux-x86_64-debian-gcc 0.1.1 2.75 30.81 33.56 NOTE
r-devel-linux-x86_64-fedora-clang 0.1.1 61.24 NOTE
r-devel-linux-x86_64-fedora-gcc 0.1.1 50.28 NOTE
r-devel-windows-x86_64 0.1.1 6.00 57.00 63.00 NOTE
r-devel-windows-x86_64-gcc10-UCRT 0.1.1 ERROR
r-patched-linux-x86_64 0.1.1 3.81 38.29 42.10 NOTE
r-patched-solaris-x86 0.1.1 78.10 NOTE
r-release-linux-x86_64 0.1.1 2.79 37.91 40.70 NOTE
r-release-macos-arm64 0.1.1 NOTE
r-release-macos-x86_64 0.1.1 NOTE
r-release-windows-ix86+x86_64 0.1.1 8.00 56.00 64.00 NOTE
r-oldrel-macos-x86_64 0.1.1 OK
r-oldrel-windows-ix86+x86_64 0.1.1 9.00 59.00 68.00 OK

Check Details

Version: 0.1.1
Check: LazyData
Result: NOTE
     'LazyData' is specified without a 'data' directory
Flavors: r-devel-linux-x86_64-debian-clang, r-devel-linux-x86_64-debian-gcc, r-devel-linux-x86_64-fedora-clang, r-devel-linux-x86_64-fedora-gcc, r-devel-windows-x86_64, r-patched-linux-x86_64, r-patched-solaris-x86, r-release-linux-x86_64, r-release-macos-arm64, r-release-macos-x86_64, r-release-windows-ix86+x86_64

Version: 0.1.1
Check: package dependencies
Result: ERROR
    Package required but not available: 'sf'
    
    See section 'The DESCRIPTION file' in the 'Writing R Extensions'
    manual.
Flavor: r-devel-windows-x86_64-gcc10-UCRT