CRAN Package Check Results for Package ldsep

Last updated on 2021-10-20 07:49:50 CEST.

Flavor Version Tinstall Tcheck Ttotal Status Flags
r-devel-linux-x86_64-debian-clang 2.1.2 121.66 110.54 232.20 OK
r-devel-linux-x86_64-debian-gcc 2.1.2 94.63 82.43 177.06 OK
r-devel-linux-x86_64-fedora-clang 2.1.2 363.16 NOTE
r-devel-linux-x86_64-fedora-gcc 2.1.2 312.03 OK
r-devel-windows-x86_64 2.1.2 170.00 170.00 340.00 OK
r-devel-windows-x86_64-gcc10-UCRT 2.1.2 OK
r-patched-linux-x86_64 2.1.2 110.70 108.25 218.95 OK
r-patched-solaris-x86 2.1.2 241.00 OK
r-release-linux-x86_64 2.1.2 111.77 109.89 221.66 OK
r-release-macos-arm64 2.1.2 NOTE
r-release-macos-x86_64 2.1.2 NOTE
r-release-windows-ix86+x86_64 2.1.2 238.00 208.00 446.00 OK
r-oldrel-macos-x86_64 2.1.2 NOTE
r-oldrel-windows-ix86+x86_64 2.1.2 326.00 233.00 559.00 OK

Check Details

Version: 2.1.2
Check: installed package size
Result: NOTE
     installed size is 5.2Mb
     sub-directories of 1Mb or more:
     libs 4.4Mb
Flavors: r-devel-linux-x86_64-fedora-clang, r-release-macos-arm64, r-release-macos-x86_64, r-oldrel-macos-x86_64

Version: 2.1.2
Check: package dependencies
Result: NOTE
    Package suggested but not available for checking: ‘VariantAnnotation’
Flavor: r-release-macos-arm64