CRAN Package Check Results for Package lcc

Last updated on 2021-10-27 22:56:47 CEST.

Flavor Version Tinstall Tcheck Ttotal Status Flags
r-devel-linux-x86_64-debian-clang 1.1.3 9.99 76.41 86.40 OK
r-devel-linux-x86_64-debian-gcc 1.1.3 7.28 60.25 67.53 OK
r-devel-linux-x86_64-fedora-clang 1.1.3 113.37 NOTE
r-devel-linux-x86_64-fedora-gcc 1.1.3 99.19 OK
r-devel-windows-x86_64 1.1.3 15.00 73.00 88.00 OK
r-devel-windows-x86_64-gcc10-UCRT 1.1.3 OK
r-patched-linux-x86_64 1.1.3 8.45 71.14 79.59 OK
r-patched-solaris-x86 1.1.3 131.60 OK
r-release-linux-x86_64 1.1.3 8.73 70.66 79.39 OK
r-release-macos-arm64 1.1.3 OK
r-release-macos-x86_64 1.1.3 OK
r-release-windows-ix86+x86_64 1.1.3 15.00 95.00 110.00 OK
r-oldrel-macos-x86_64 1.1.3 OK
r-oldrel-windows-ix86+x86_64 1.1.3 17.00 97.00 114.00 OK

Check Details

Version: 1.1.3
Check: Rd cross-references
Result: NOTE
    Undeclared package ‘gridExtra’ in Rd xrefs
Flavor: r-devel-linux-x86_64-fedora-clang