Last updated on 2023-03-24 12:50:46 CET.
Flavor | Version | Tinstall | Tcheck | Ttotal | Status | Flags |
---|---|---|---|---|---|---|
r-devel-linux-x86_64-debian-clang | 1.1.4 | 9.69 | 80.99 | 90.68 | OK | |
r-devel-linux-x86_64-debian-gcc | 1.1.4 | 8.61 | 60.59 | 69.20 | OK | |
r-devel-linux-x86_64-fedora-clang | 1.1.4 | 121.15 | NOTE | |||
r-devel-linux-x86_64-fedora-gcc | 1.1.4 | 106.99 | OK | |||
r-patched-linux-x86_64 | 1.1.4 | 9.74 | 75.18 | 84.92 | OK | |
r-release-linux-x86_64 | 1.1.4 | 8.55 | 75.83 | 84.38 | OK | |
r-release-macos-arm64 | 1.1.4 | 29.00 | OK | |||
r-release-macos-x86_64 | 1.1.4 | 47.00 | OK | |||
r-release-windows-x86_64 | 1.1.4 | 32.00 | 110.00 | 142.00 | OK | |
r-oldrel-macos-arm64 | 1.1.4 | 31.00 | OK | |||
r-oldrel-macos-x86_64 | 1.1.4 | 50.00 | OK | |||
r-oldrel-windows-ix86+x86_64 | 1.1.4 | 22.00 | 106.00 | 128.00 | OK |
Version: 1.1.4
Check: Rd cross-references
Result: NOTE
Undeclared package ‘gridExtra’ in Rd xrefs
Flavor: r-devel-linux-x86_64-fedora-clang