CRAN Package Check Results for Package lba

Last updated on 2021-08-04 13:53:03 CEST.

Flavor Version Tinstall Tcheck Ttotal Status Flags
r-devel-linux-x86_64-debian-clang 2.4.4 14.44 79.69 94.13 NOTE
r-devel-linux-x86_64-debian-gcc 2.4.4 8.41 58.94 67.35 NOTE
r-devel-linux-x86_64-fedora-clang 2.4.4 117.82 NOTE
r-devel-linux-x86_64-fedora-gcc 2.4.4 106.85 NOTE
r-devel-windows-x86_64 2.4.4 12.00 91.00 103.00 NOTE
r-devel-windows-x86_64-gcc10-UCRT 2.4.4 NOTE
r-patched-linux-x86_64 2.4.4 11.88 76.08 87.96 NOTE
r-patched-solaris-x86 2.4.4 129.40 NOTE
r-release-linux-x86_64 2.4.4 11.77 75.58 87.35 NOTE
r-release-macos-arm64 2.4.4 NOTE
r-release-macos-x86_64 2.4.4 NOTE
r-release-windows-ix86+x86_64 2.4.4 22.00 69.00 91.00 NOTE
r-oldrel-macos-x86_64 2.4.4 NOTE
r-oldrel-windows-ix86+x86_64 2.4.4 32.00 114.00 146.00 NOTE

Check Details

Version: 2.4.4
Check: R code for possible problems
Result: NOTE
    plotcorr.lba.3d: warning in pch3d(colcoordi[, dim], pch = pch.budget,
     col = col.budget, ...): partial argument match of 'col' to 'color'
Flavors: r-devel-linux-x86_64-debian-clang, r-devel-linux-x86_64-debian-gcc, r-devel-linux-x86_64-fedora-clang, r-devel-linux-x86_64-fedora-gcc, r-devel-windows-x86_64, r-devel-windows-x86_64-gcc10-UCRT, r-patched-linux-x86_64, r-patched-solaris-x86, r-release-linux-x86_64, r-release-macos-arm64, r-release-macos-x86_64, r-release-windows-ix86+x86_64, r-oldrel-macos-x86_64, r-oldrel-windows-ix86+x86_64