CRAN Package Check Results for Package languageserver

Last updated on 2021-07-29 01:49:23 CEST.

Flavor Version Tinstall Tcheck Ttotal Status Flags
r-devel-linux-x86_64-debian-clang 0.3.11 OK
r-devel-linux-x86_64-debian-gcc 0.3.11 17.45 35.16 52.61 OK
r-devel-linux-x86_64-fedora-clang 0.3.11 92.29 NOTE
r-devel-linux-x86_64-fedora-gcc 0.3.11 83.57 NOTE
r-devel-windows-x86_64 0.3.11 36.00 60.00 96.00 OK
r-devel-windows-x86_64-gcc10-UCRT 0.3.10 NOTE
r-patched-linux-x86_64 0.3.11 20.08 44.64 64.72 OK
r-patched-solaris-x86 0.3.11 94.80 NOTE
r-release-linux-x86_64 0.3.11 18.44 44.77 63.21 OK
r-release-macos-arm64 0.3.11 NOTE
r-release-macos-x86_64 0.3.11 NOTE
r-release-windows-ix86+x86_64 0.3.11 39.00 70.00 109.00 OK
r-oldrel-macos-x86_64 0.3.11 NOTE
r-oldrel-windows-ix86+x86_64 0.3.11 27.00 52.00 79.00 OK

Check Details

Version: 0.3.11
Check: dependencies in R code
Result: NOTE
    Namespaces in Imports field not imported from:
     ‘callr’ ‘desc’ ‘parallel’ ‘repr’
     All declared Imports should be used.
Flavors: r-devel-linux-x86_64-fedora-clang, r-devel-linux-x86_64-fedora-gcc, r-patched-solaris-x86, r-release-macos-arm64, r-release-macos-x86_64, r-oldrel-macos-x86_64

Version: 0.3.10
Check: dependencies in R code
Result: NOTE
    Namespaces in Imports field not imported from:
     'callr' 'desc' 'parallel' 'repr'
     All declared Imports should be used.
Flavor: r-devel-windows-x86_64-gcc10-UCRT