CRAN Package Check Results for Package landscapeR

Last updated on 2024-02-28 12:55:01 CET.

Flavor Version Tinstall Tcheck Ttotal Status Flags
r-devel-linux-x86_64-debian-clang 1.2 22.04 74.03 96.07 NOTE
r-devel-linux-x86_64-debian-gcc 1.2 16.89 54.98 71.87 NOTE
r-devel-linux-x86_64-fedora-clang 1.2 123.22 NOTE
r-devel-linux-x86_64-fedora-gcc 1.2 133.14 NOTE
r-devel-windows-x86_64 1.2 19.00 87.00 106.00 NOTE
r-patched-linux-x86_64 1.2 23.21 71.57 94.78 NOTE
r-release-linux-x86_64 1.2 19.74 70.06 89.80 NOTE
r-release-macos-arm64 1.2 46.00 NOTE
r-release-macos-x86_64 1.2 69.00 NOTE
r-release-windows-x86_64 1.2 23.00 105.00 128.00 NOTE
r-oldrel-macos-arm64 1.2 37.00 NOTE
r-oldrel-windows-x86_64 1.2 24.00 103.00 127.00 NOTE

Check Details

Version: 1.2
Check: LazyData
Result: NOTE 'LazyData' is specified without a 'data' directory Flavors: r-devel-linux-x86_64-debian-clang, r-devel-linux-x86_64-debian-gcc, r-devel-linux-x86_64-fedora-clang, r-devel-linux-x86_64-fedora-gcc, r-devel-windows-x86_64, r-patched-linux-x86_64, r-release-linux-x86_64, r-release-macos-arm64, r-release-macos-x86_64, r-release-windows-x86_64, r-oldrel-macos-arm64, r-oldrel-windows-x86_64